-- https://www.phpmyadmin.net/
--

START TRANSACTION;



--
-- Database: `govrw`
--

-- --------------------------------------------------------

--
-- Table structure for table `adverts`
--

CREATE TABLE `adverts` (
  `id` int(10) UNSIGNED NOT NULL,
  `user_id` int(10) UNSIGNED NOT NULL,
  `advert_image` varchar(191) COLLATE utf8mb4_unicode_ci DEFAULT NULL,
  `title` text COLLATE utf8mb4_unicode_ci,
  `description` text COLLATE utf8mb4_unicode_ci,
  `url` varchar(191) COLLATE utf8mb4_unicode_ci DEFAULT NULL,
  `live` tinyint(1) NOT NULL DEFAULT '0',
  `created_at` timestamp NULL DEFAULT NULL,
  `updated_at` timestamp NULL DEFAULT NULL
) ENGINE=InnoDB DEFAULT CHARSET=utf8mb4 COLLATE=utf8mb4_unicode_ci;

--
-- Dumping data for table `adverts`
--

INSERT INTO `adverts` (`id`, `user_id`, `advert_image`, `title`, `description`, `url`, `live`, `created_at`, `updated_at`) VALUES
(2, 1, '1538116576.jpg', 'Iyamamaza', 'Iyamamaza', NULL, 1, '2018-09-28 04:36:16', '2018-09-28 04:36:16');

-- --------------------------------------------------------

--
-- Table structure for table `articles`
--

CREATE TABLE `articles` (
  `id` int(10) UNSIGNED NOT NULL,
  `user_id` int(10) UNSIGNED NOT NULL,
  `category_id` int(10) UNSIGNED NOT NULL,
  `title` varchar(191) COLLATE utf8mb4_unicode_ci NOT NULL,
  `body` text COLLATE utf8mb4_unicode_ci NOT NULL,
  `slug` varchar(191) COLLATE utf8mb4_unicode_ci NOT NULL,
  `thumbnail` varchar(191) COLLATE utf8mb4_unicode_ci DEFAULT NULL,
  `approved` tinyint(1) NOT NULL DEFAULT '0',
  `created_at` timestamp NULL DEFAULT NULL,
  `updated_at` timestamp NULL DEFAULT NULL
) ENGINE=InnoDB DEFAULT CHARSET=utf8mb4 COLLATE=utf8mb4_unicode_ci;

--
-- Dumping data for table `articles`
--

INSERT INTO `articles` (`id`, `user_id`, `category_id`, `title`, `body`, `slug`, `thumbnail`, `approved`, `created_at`, `updated_at`) VALUES
(2, 2, 1, 'Article 2', '<p style=\"text-align:center;\"><strong>This is another article</strong></p>', 'article-2-89568', '1538282954-article_image-710x350.jpg', 0, '2018-08-20 10:31:37', '2018-10-15 15:25:05'),
(6, 2, 1, 'Article 3', '<p>Lorem ipsum dolor sit amet, consectetur adipiscing elit. Aenean faucibus in tellus vel consectetur. Cras a quam facilisis, porta dui id, ultrices dui. Donec molestie, tortor eu condimentum tempus, massa nisl auctor dui, sodales tempus diam leo sed magna. Aliquam eu neque non nibh congue euismod. Vestibulum at malesuada nibh, sit amet imperdiet erat. Vivamus fringilla augue nunc, id porttitor lectus iaculis vitae. Maecenas posuere porttitor arcu. Nullam bibendum congue diam sed interdum. Class aptent taciti sociosqu ad litora torquent per conubia nostra, per inceptos himenaeos. Proin laoreet aliquam gravida. Etiam sit amet orci sed augue lacinia vulputate. Phasellus mollis pretium orci, mollis ultrices purus accumsan sed. Vestibulum ante ipsum primis in faucibus orci luctus et ultrices posuere cubilia Curae; Nam ac sollicitudin erat, sit amet cursus elit. Duis nec lacinia eros, sit amet convallis erat.</p>', 'article-3', '1538282991-1534769285.jpg', 0, '2018-08-20 10:48:05', '2018-10-15 15:25:06'),
(7, 2, 3, 'Article 4', '<p>Indonesian police have arrested a man over the murder of an elderly Japanese couple whose bodies were found burned beyond recognition on the holiday island of Bali.</p>', 'article-4', '1538283054-p90-370x200.jpg', 0, '2018-08-20 10:51:52', '2018-10-15 15:25:07'),
(8, 2, 1, 'Article 5', '<p>Curabitur sit amet rutrum lectus. Donec in massa adipiscing, facilisis mi quis, faucibus quam. In adipiscing, nisl vitae varius sagittis, augue nulla pulvinar diam, at viverra est est vel dui. Ut at velit sem. Vivamus rutrum iaculis leo, et vehicula velit aliquam vitae. Pellentesque molestie, ipsum elementum eleifend viverra, felis neque sagittis lorem, sed vestibulum erat dolor iaculis erat. Curabitur porta, arcu vitae luctus sagittis, sapien sapien pretium lorem, id accumsan quam turpis ornare ligula. Curabitur porttitor et quam ut facilisis. In hac habitasse platea dictumst. Nulla sed rhoncus nulla, vitae iaculis eros. Vivamus non enim sit amet velit pharetra luctus. Curabitur sodales lectus vestibulum, hendrerit justo sit amet, ullamcorper diam. Donec eu velit vitae justo convallis convallis.</p>', 'article-5', '1538283121-p116-710x350.jpg', 1, '2018-08-20 13:08:48', '2018-09-30 03:42:12'),
(9, 2, 1, 'Article 6', '<div>\r\n<p>Lorem ipsum dolor sit amet, consectetur adipiscing elit. Integer volutpat sodales arcu et hendrerit. Nullam semper ac mauris non sagittis. Ut efficitur dui ac tortor volutpat semper. Donec mauris enim, iaculis eu congue facilisis, aliquam consequat orci. Curabitur facilisis nulla in lorem consequat.</p>\r\n<p><img src=\"/images/articles/article_image-710x350.jpg\" alt=\"\"> Aenean luctus mauris ut risus semper tincidunt.</p>\r\n<p>Praesent semper libero as finibus sodales. Duis a feugiat tortor. Fusce do mattis mauris yauris at nunc commodo, pretium mauris nec, <a href=\"/single\">venenatis augue</a>. Lid est laborum Lorem ipsum dolor sit amet, consectetur adipiscing elit. Vestibulum in sem ut rhoncus. Duis sed tortor sem. Nunc mattis odio ultricies nibh hendrerit, ut tempor lectus consequat. In mollis orci vel rutrum sollicitudin. Quisque non auctor magna. Nam auctor vulputate purus ut rutrum.</p>\r\n<div>\r\n<ul>\r\n<li>Lorem ipsum dolor sit amet conectetur.</li>\r\n<li>Integer volutpat sodales arcu et hendrerit.</li>\r\n<li>Nullam semper ac mauris non sagittis.</li>\r\n<li>Ut efficitur dui ac tortor volutpat semper.</li>\r\n<li>Donec mauris enim, iaculis eu congue.</li>\r\n<li>Curabitur facilisis nulla in lorem.</li>\r\n</ul>\r\n</div>\r\n<p>Aenean luctus mauris ut risus semper ar tincidunt. Orci varius natoque penatibus magns dis parturievnt the mont nasce tur ridiculus mus. Vestibulum ,muntes ipsum primis in fauc bus orci luctus et ultrices posuere cubilia Curae Etiam eros ante, malesuada id tortor sit amet, lacinia luctus eros. Ut efficitur dui ac tortor volutpat semper.</p>\r\n<p>Lorem ipsum dolor sit amet, Etiam ut volutpat dolor. Mauris ut arcu cursus consectetur adipiscing elit. Integer volutpat sodales arcu et hendrerit. Nullam semper ac mauris non sagittis. Ut efficitur dui ac tortor volutpat semper. Donec mauris enim, iaculis eu congue facilisis, aliquam consequat orci. Curabitur facilisis nulla in lorem consequat.</p>\r\n<p>Convallis mi interdum. In maximus iaculis mauris et scelerisque. Aliquam ante orci, lacinia eu elit non, porttitor ultricies erat. Aliquam tincidunt ultrices mi, vitae euismod nulla accumsan et. Donec sollicitudin lacus in vestibulum interdum. Duis purus quam, dignissim non tempus ut, maximus consectetur arcu. Vestibulum tincidunt tincidunt sodales. Nulla facilisi.</p>\r\n<p>Upsum dolor sit amet, consectetur adipiscing elit. Integer volutpat sodales arcu et hendrerit. Nullam semper ac mauris non sagittis. Ut efficitur dui ac tortor volutpat semper. Donec mauris enim, iaculis eu congue facilisis, aliquam consequat orci. Curabitur facilisis nulla in lorem consequat.</p>\r\n<img src=\"/images/articles/article_image-240x340.jpg\" alt=\"\">\r\n<p>Etiam ut volutpat dolor. Mauris ut arcu cursus, ultrici velit a, dictum magna. Integer non rhoncus lectus, It commodo luctus purus. Duis sed lorem ipsum. Mejor Lorem ipsum dolor sit amet, consectetur adipiscing elit. Mauris dignissim sapien a orci aliquam, eleifend maximus nisi ultrices.</p>\r\n<p>Sed et nisi in quam aliquet varius ut non mauris new. Etiam ut volutpat dolor. Mauris ut arcu cursus Vestibulum non iaculis urna, in eleifend eros. Vivamu elementum justo sed augue luctus suscipit. Phasellus pretium posuere elit ac laoreet. Donec placerat liber et erat lacinia congue. Maecenas interdum mi nec porta. Curabitur facilisis nulla in lorem consequat. Sed et nisi in quam aliquet varius ut non mauris new.</p>\r\n<p>Lorem ipsum dolor sit amet, consectetur adipiscing elit. Integer volutpat sodales arcu et hendrerit. Nullam semper ac mauris non sagittis. Ut efficitur dui ac tortor volutpat semper. Donec mauris enim, iaculis eu congue facilisis, aliquam consequat orci. Curabitur facilisis nulla in lorem consequat.</p>\r\nCampaign Against South Korean Goods Leaves Chinesy\r\n<ul>\r\n<li>Lorem ipsum dolor sit amet, consectetur adipiscing elit.</li>\r\n<li>Integer volutpat sodales arcu et hendrerit.</li>\r\n<li>Nullam semper ac mauris non sagittis.</li>\r\n<li>Ut efficitur dui ac tortor volutpat semper.</li>\r\n<li>Donec mauris enim, iaculis eu congue facilisis, aliquam consequat orci.</li>\r\n<li>Curabitur facilisis nulla in lorem consequat.</li>\r\n</ul>\r\nCampaign Against South Korean Goods Leaves Chinesy\r\n<p>Lorem ipsum dolor sit amet, consectetur adipiscing elit. Integer volutpat sodales arcu et hendrerit. Nullam semper ac mauris non sagittis. Ut efficitur dui ac tortor volutpat semper. Donec mauris enim, iaculis eu congue facilisis, aliquam consequat orci. Curabitur facilisis nulla in lorem consequat.</p>\r\n<p>Lorem ipsum dolor sit amet, consectetur adipiscing elit. Integer volutpat sodales arcu et hendrerit. Nullam semper ac mauris non sagittis. Ut efficitur dui ac tortor volutpat semper. Donec mauris enim, iaculis eu congue facilisis, aliquam consequat orci. Curabitur facilisis nulla in lorem consequat.</p>\r\n</div>', 'article-6', '1538286238.jpg', 1, '2018-09-30 03:43:59', '2018-09-30 03:43:59'),
(10, 2, 1, 'Article 7', '<div>\r\n<p>Lorem ipsum dolor sit amet, consectetur adipiscing elit. Integer volutpat sodales arcu et hendrerit. Nullam semper ac mauris non sagittis. Ut efficitur dui ac tortor volutpat semper. Donec mauris enim, iaculis eu congue facilisis, aliquam consequat orci. Curabitur facilisis nulla in lorem consequat.</p>\r\n<p><img src=\"/images/articles/article_image-710x350.jpg\" alt=\"\"> Aenean luctus mauris ut risus semper tincidunt.</p>\r\n<p>Praesent semper libero as finibus sodales. Duis a feugiat tortor. Fusce do mattis mauris yauris at nunc commodo, pretium mauris nec, <a href=\"/single\">venenatis augue</a>. Lid est laborum Lorem ipsum dolor sit amet, consectetur adipiscing elit. Vestibulum in sem ut rhoncus. Duis sed tortor sem. Nunc mattis odio ultricies nibh hendrerit, ut tempor lectus consequat. In mollis orci vel rutrum sollicitudin. Quisque non auctor magna. Nam auctor vulputate purus ut rutrum.</p>\r\n<div>\r\n<ul>\r\n<li>Lorem ipsum dolor sit amet conectetur.</li>\r\n<li>Integer volutpat sodales arcu et hendrerit.</li>\r\n<li>Nullam semper ac mauris non sagittis.</li>\r\n<li>Ut efficitur dui ac tortor volutpat semper.</li>\r\n<li>Donec mauris enim, iaculis eu congue.</li>\r\n<li>Curabitur facilisis nulla in lorem.</li>\r\n</ul>\r\n</div>\r\n<p>Aenean luctus mauris ut risus semper ar tincidunt. Orci varius natoque penatibus magns dis parturievnt the mont nasce tur ridiculus mus. Vestibulum ,muntes ipsum primis in fauc bus orci luctus et ultrices posuere cubilia Curae Etiam eros ante, malesuada id tortor sit amet, lacinia luctus eros. Ut efficitur dui ac tortor volutpat semper.</p>\r\n<p>Lorem ipsum dolor sit amet, Etiam ut volutpat dolor. Mauris ut arcu cursus consectetur adipiscing elit. Integer volutpat sodales arcu et hendrerit. Nullam semper ac mauris non sagittis. Ut efficitur dui ac tortor volutpat semper. Donec mauris enim, iaculis eu congue facilisis, aliquam consequat orci. Curabitur facilisis nulla in lorem consequat.</p>\r\n<p>Convallis mi interdum. In maximus iaculis mauris et scelerisque. Aliquam ante orci, lacinia eu elit non, porttitor ultricies erat. Aliquam tincidunt ultrices mi, vitae euismod nulla accumsan et. Donec sollicitudin lacus in vestibulum interdum. Duis purus quam, dignissim non tempus ut, maximus consectetur arcu. Vestibulum tincidunt tincidunt sodales. Nulla facilisi.</p>\r\n<p>Upsum dolor sit amet, consectetur adipiscing elit. Integer volutpat sodales arcu et hendrerit. Nullam semper ac mauris non sagittis. Ut efficitur dui ac tortor volutpat semper. Donec mauris enim, iaculis eu congue facilisis, aliquam consequat orci. Curabitur facilisis nulla in lorem consequat.</p>\r\n<img src=\"/images/articles/article_image-240x340.jpg\" alt=\"\">\r\n<p>Etiam ut volutpat dolor. Mauris ut arcu cursus, ultrici velit a, dictum magna. Integer non rhoncus lectus, It commodo luctus purus. Duis sed lorem ipsum. Mejor Lorem ipsum dolor sit amet, consectetur adipiscing elit. Mauris dignissim sapien a orci aliquam, eleifend maximus nisi ultrices.</p>\r\n<p>Sed et nisi in quam aliquet varius ut non mauris new. Etiam ut volutpat dolor. Mauris ut arcu cursus Vestibulum non iaculis urna, in eleifend eros. Vivamu elementum justo sed augue luctus suscipit. Phasellus pretium posuere elit ac laoreet. Donec placerat liber et erat lacinia congue. Maecenas interdum mi nec porta. Curabitur facilisis nulla in lorem consequat. Sed et nisi in quam aliquet varius ut non mauris new.</p>\r\n<p>Lorem ipsum dolor sit amet, consectetur adipiscing elit. Integer volutpat sodales arcu et hendrerit. Nullam semper ac mauris non sagittis. Ut efficitur dui ac tortor volutpat semper. Donec mauris enim, iaculis eu congue facilisis, aliquam consequat orci. Curabitur facilisis nulla in lorem consequat.</p>\r\nCampaign Against South Korean Goods Leaves Chinesy\r\n<ul>\r\n<li>Lorem ipsum dolor sit amet, consectetur adipiscing elit.</li>\r\n<li>Integer volutpat sodales arcu et hendrerit.</li>\r\n<li>Nullam semper ac mauris non sagittis.</li>\r\n<li>Ut efficitur dui ac tortor volutpat semper.</li>\r\n<li>Donec mauris enim, iaculis eu congue facilisis, aliquam consequat orci.</li>\r\n<li>Curabitur facilisis nulla in lorem consequat.</li>\r\n</ul>\r\nCampaign Against South Korean Goods Leaves Chinesy\r\n<p>Lorem ipsum dolor sit amet, consectetur adipiscing elit. Integer volutpat sodales arcu et hendrerit. Nullam semper ac mauris non sagittis. Ut efficitur dui ac tortor volutpat semper. Donec mauris enim, iaculis eu congue facilisis, aliquam consequat orci. Curabitur facilisis nulla in lorem consequat.</p>\r\n<p>Lorem ipsum dolor sit amet, consectetur adipiscing elit. Integer volutpat sodales arcu et hendrerit. Nullam semper ac mauris non sagittis. Ut efficitur dui ac tortor volutpat semper. Donec mauris enim, iaculis eu congue facilisis, aliquam consequat orci. Curabitur facilisis nulla in lorem consequat.</p>\r\n</div>', 'article-7', '1538286275.jpg', 1, '2018-09-30 03:44:35', '2018-09-30 03:44:35'),
(11, 2, 3, 'Article 8', '<div>\r\n<p>Lorem ipsum dolor sit amet, consectetur adipiscing elit. Integer volutpat sodales arcu et hendrerit. Nullam semper ac mauris non sagittis. Ut efficitur dui ac tortor volutpat semper. Donec mauris enim, iaculis eu congue facilisis, aliquam consequat orci. Curabitur facilisis nulla in lorem consequat.</p>\r\n<p><img src=\"/images/articles/article_image-710x350.jpg\" alt=\"\"> Aenean luctus mauris ut risus semper tincidunt.</p>\r\n<p>Praesent semper libero as finibus sodales. Duis a feugiat tortor. Fusce do mattis mauris yauris at nunc commodo, pretium mauris nec, <a href=\"/single\">venenatis augue</a>. Lid est laborum Lorem ipsum dolor sit amet, consectetur adipiscing elit. Vestibulum in sem ut rhoncus. Duis sed tortor sem. Nunc mattis odio ultricies nibh hendrerit, ut tempor lectus consequat. In mollis orci vel rutrum sollicitudin. Quisque non auctor magna. Nam auctor vulputate purus ut rutrum.</p>\r\n<div>\r\n<ul>\r\n<li>Lorem ipsum dolor sit amet conectetur.</li>\r\n<li>Integer volutpat sodales arcu et hendrerit.</li>\r\n<li>Nullam semper ac mauris non sagittis.</li>\r\n<li>Ut efficitur dui ac tortor volutpat semper.</li>\r\n<li>Donec mauris enim, iaculis eu congue.</li>\r\n<li>Curabitur facilisis nulla in lorem.</li>\r\n</ul>\r\n</div>\r\n<p>Aenean luctus mauris ut risus semper ar tincidunt. Orci varius natoque penatibus magns dis parturievnt the mont nasce tur ridiculus mus. Vestibulum ,muntes ipsum primis in fauc bus orci luctus et ultrices posuere cubilia Curae Etiam eros ante, malesuada id tortor sit amet, lacinia luctus eros. Ut efficitur dui ac tortor volutpat semper.</p>\r\n<p>Lorem ipsum dolor sit amet, Etiam ut volutpat dolor. Mauris ut arcu cursus consectetur adipiscing elit. Integer volutpat sodales arcu et hendrerit. Nullam semper ac mauris non sagittis. Ut efficitur dui ac tortor volutpat semper. Donec mauris enim, iaculis eu congue facilisis, aliquam consequat orci. Curabitur facilisis nulla in lorem consequat.</p>\r\n<p>Convallis mi interdum. In maximus iaculis mauris et scelerisque. Aliquam ante orci, lacinia eu elit non, porttitor ultricies erat. Aliquam tincidunt ultrices mi, vitae euismod nulla accumsan et. Donec sollicitudin lacus in vestibulum interdum. Duis purus quam, dignissim non tempus ut, maximus consectetur arcu. Vestibulum tincidunt tincidunt sodales. Nulla facilisi.</p>\r\n<p>Upsum dolor sit amet, consectetur adipiscing elit. Integer volutpat sodales arcu et hendrerit. Nullam semper ac mauris non sagittis. Ut efficitur dui ac tortor volutpat semper. Donec mauris enim, iaculis eu congue facilisis, aliquam consequat orci. Curabitur facilisis nulla in lorem consequat.</p>\r\n<img src=\"/images/articles/article_image-240x340.jpg\" alt=\"\">\r\n<p>Etiam ut volutpat dolor. Mauris ut arcu cursus, ultrici velit a, dictum magna. Integer non rhoncus lectus, It commodo luctus purus. Duis sed lorem ipsum. Mejor Lorem ipsum dolor sit amet, consectetur adipiscing elit. Mauris dignissim sapien a orci aliquam, eleifend maximus nisi ultrices.</p>\r\n<p>Sed et nisi in quam aliquet varius ut non mauris new. Etiam ut volutpat dolor. Mauris ut arcu cursus Vestibulum non iaculis urna, in eleifend eros. Vivamu elementum justo sed augue luctus suscipit. Phasellus pretium posuere elit ac laoreet. Donec placerat liber et erat lacinia congue. Maecenas interdum mi nec porta. Curabitur facilisis nulla in lorem consequat. Sed et nisi in quam aliquet varius ut non mauris new.</p>\r\n<p>Lorem ipsum dolor sit amet, consectetur adipiscing elit. Integer volutpat sodales arcu et hendrerit. Nullam semper ac mauris non sagittis. Ut efficitur dui ac tortor volutpat semper. Donec mauris enim, iaculis eu congue facilisis, aliquam consequat orci. Curabitur facilisis nulla in lorem consequat.</p>\r\nCampaign Against South Korean Goods Leaves Chinesy\r\n<ul>\r\n<li>Lorem ipsum dolor sit amet, consectetur adipiscing elit.</li>\r\n<li>Integer volutpat sodales arcu et hendrerit.</li>\r\n<li>Nullam semper ac mauris non sagittis.</li>\r\n<li>Ut efficitur dui ac tortor volutpat semper.</li>\r\n<li>Donec mauris enim, iaculis eu congue facilisis, aliquam consequat orci.</li>\r\n<li>Curabitur facilisis nulla in lorem consequat.</li>\r\n</ul>\r\nCampaign Against South Korean Goods Leaves Chinesy\r\n<p>Lorem ipsum dolor sit amet, consectetur adipiscing elit. Integer volutpat sodales arcu et hendrerit. Nullam semper ac mauris non sagittis. Ut efficitur dui ac tortor volutpat semper. Donec mauris enim, iaculis eu congue facilisis, aliquam consequat orci. Curabitur facilisis nulla in lorem consequat.</p>\r\n<p>Lorem ipsum dolor sit amet, consectetur adipiscing elit. Integer volutpat sodales arcu et hendrerit. Nullam semper ac mauris non sagittis. Ut efficitur dui ac tortor volutpat semper. Donec mauris enim, iaculis eu congue facilisis, aliquam consequat orci. Curabitur facilisis nulla in lorem consequat.</p>\r\n</div>', 'article-8', '1538286317.jpg', 1, '2018-09-30 03:45:17', '2018-09-30 03:45:17'),
(12, 2, 1, 'Article 9', '<div>\r\n<p>Lorem ipsum dolor sit amet, consectetur adipiscing elit. Integer volutpat sodales arcu et hendrerit. Nullam semper ac mauris non sagittis. Ut efficitur dui ac tortor volutpat semper. Donec mauris enim, iaculis eu congue facilisis, aliquam consequat orci. Curabitur facilisis nulla in lorem consequat.</p>\r\n<p><img src=\"/images/articles/article_image-710x350.jpg\" alt=\"\"> Aenean luctus mauris ut risus semper tincidunt.</p>\r\n<p>Praesent semper libero as finibus sodales. Duis a feugiat tortor. Fusce do mattis mauris yauris at nunc commodo, pretium mauris nec, <a href=\"/single\">venenatis augue</a>. Lid est laborum Lorem ipsum dolor sit amet, consectetur adipiscing elit. Vestibulum in sem ut rhoncus. Duis sed tortor sem. Nunc mattis odio ultricies nibh hendrerit, ut tempor lectus consequat. In mollis orci vel rutrum sollicitudin. Quisque non auctor magna. Nam auctor vulputate purus ut rutrum.</p>\r\n<div>\r\n<ul>\r\n<li>Lorem ipsum dolor sit amet conectetur.</li>\r\n<li>Integer volutpat sodales arcu et hendrerit.</li>\r\n<li>Nullam semper ac mauris non sagittis.</li>\r\n<li>Ut efficitur dui ac tortor volutpat semper.</li>\r\n<li>Donec mauris enim, iaculis eu congue.</li>\r\n<li>Curabitur facilisis nulla in lorem.</li>\r\n</ul>\r\n</div>\r\n<p>Aenean luctus mauris ut risus semper ar tincidunt. Orci varius natoque penatibus magns dis parturievnt the mont nasce tur ridiculus mus. Vestibulum ,muntes ipsum primis in fauc bus orci luctus et ultrices posuere cubilia Curae Etiam eros ante, malesuada id tortor sit amet, lacinia luctus eros. Ut efficitur dui ac tortor volutpat semper.</p>\r\n<p>Lorem ipsum dolor sit amet, Etiam ut volutpat dolor. Mauris ut arcu cursus consectetur adipiscing elit. Integer volutpat sodales arcu et hendrerit. Nullam semper ac mauris non sagittis. Ut efficitur dui ac tortor volutpat semper. Donec mauris enim, iaculis eu congue facilisis, aliquam consequat orci. Curabitur facilisis nulla in lorem consequat.</p>\r\n<p>Convallis mi interdum. In maximus iaculis mauris et scelerisque. Aliquam ante orci, lacinia eu elit non, porttitor ultricies erat. Aliquam tincidunt ultrices mi, vitae euismod nulla accumsan et. Donec sollicitudin lacus in vestibulum interdum. Duis purus quam, dignissim non tempus ut, maximus consectetur arcu. Vestibulum tincidunt tincidunt sodales. Nulla facilisi.</p>\r\n<p>Upsum dolor sit amet, consectetur adipiscing elit. Integer volutpat sodales arcu et hendrerit. Nullam semper ac mauris non sagittis. Ut efficitur dui ac tortor volutpat semper. Donec mauris enim, iaculis eu congue facilisis, aliquam consequat orci. Curabitur facilisis nulla in lorem consequat.</p>\r\n<img src=\"/images/articles/article_image-240x340.jpg\" alt=\"\">\r\n<p>Etiam ut volutpat dolor. Mauris ut arcu cursus, ultrici velit a, dictum magna. Integer non rhoncus lectus, It commodo luctus purus. Duis sed lorem ipsum. Mejor Lorem ipsum dolor sit amet, consectetur adipiscing elit. Mauris dignissim sapien a orci aliquam, eleifend maximus nisi ultrices.</p>\r\n<p>Sed et nisi in quam aliquet varius ut non mauris new. Etiam ut volutpat dolor. Mauris ut arcu cursus Vestibulum non iaculis urna, in eleifend eros. Vivamu elementum justo sed augue luctus suscipit. Phasellus pretium posuere elit ac laoreet. Donec placerat liber et erat lacinia congue. Maecenas interdum mi nec porta. Curabitur facilisis nulla in lorem consequat. Sed et nisi in quam aliquet varius ut non mauris new.</p>\r\n<p>Lorem ipsum dolor sit amet, consectetur adipiscing elit. Integer volutpat sodales arcu et hendrerit. Nullam semper ac mauris non sagittis. Ut efficitur dui ac tortor volutpat semper. Donec mauris enim, iaculis eu congue facilisis, aliquam consequat orci. Curabitur facilisis nulla in lorem consequat.</p>\r\nCampaign Against South Korean Goods Leaves Chinesy\r\n<ul>\r\n<li>Lorem ipsum dolor sit amet, consectetur adipiscing elit.</li>\r\n<li>Integer volutpat sodales arcu et hendrerit.</li>\r\n<li>Nullam semper ac mauris non sagittis.</li>\r\n<li>Ut efficitur dui ac tortor volutpat semper.</li>\r\n<li>Donec mauris enim, iaculis eu congue facilisis, aliquam consequat orci.</li>\r\n<li>Curabitur facilisis nulla in lorem consequat.</li>\r\n</ul>\r\nCampaign Against South Korean Goods Leaves Chinesy\r\n<p>Lorem ipsum dolor sit amet, consectetur adipiscing elit. Integer volutpat sodales arcu et hendrerit. Nullam semper ac mauris non sagittis. Ut efficitur dui ac tortor volutpat semper. Donec mauris enim, iaculis eu congue facilisis, aliquam consequat orci. Curabitur facilisis nulla in lorem consequat.</p>\r\n<p>Lorem ipsum dolor sit amet, consectetur adipiscing elit. Integer volutpat sodales arcu et hendrerit. Nullam semper ac mauris non sagittis. Ut efficitur dui ac tortor volutpat semper. Donec mauris enim, iaculis eu congue facilisis, aliquam consequat orci. Curabitur facilisis nulla in lorem consequat.</p>\r\n</div>', 'article-9', '1538286470-article_image-570x280-r.jpg', 1, '2018-09-30 03:46:53', '2018-09-30 03:47:50'),
(13, 2, 2, 'article 10', '<div>\r\n<p>Lorem ipsum dolor sit amet, consectetur adipiscing elit. Integer volutpat sodales arcu et hendrerit. Nullam semper ac mauris non sagittis. Ut efficitur dui ac tortor volutpat semper. Donec mauris enim, iaculis eu congue facilisis, aliquam consequat orci. Curabitur facilisis nulla in lorem consequat.</p>\r\n<p><img src=\"/images/articles/article_image-710x350.jpg\" alt=\"\"> Aenean luctus mauris ut risus semper tincidunt.</p>\r\n<p>Praesent semper libero as finibus sodales. Duis a feugiat tortor. Fusce do mattis mauris yauris at nunc commodo, pretium mauris nec, <a href=\"/single\">venenatis augue</a>. Lid est laborum Lorem ipsum dolor sit amet, consectetur adipiscing elit. Vestibulum in sem ut rhoncus. Duis sed tortor sem. Nunc mattis odio ultricies nibh hendrerit, ut tempor lectus consequat. In mollis orci vel rutrum sollicitudin. Quisque non auctor magna. Nam auctor vulputate purus ut rutrum.</p>\r\n<div>\r\n<ul>\r\n<li>Lorem ipsum dolor sit amet conectetur.</li>\r\n<li>Integer volutpat sodales arcu et hendrerit.</li>\r\n<li>Nullam semper ac mauris non sagittis.</li>\r\n<li>Ut efficitur dui ac tortor volutpat semper.</li>\r\n<li>Donec mauris enim, iaculis eu congue.</li>\r\n<li>Curabitur facilisis nulla in lorem.</li>\r\n</ul>\r\n</div>\r\n<p>Aenean luctus mauris ut risus semper ar tincidunt. Orci varius natoque penatibus magns dis parturievnt the mont nasce tur ridiculus mus. Vestibulum ,muntes ipsum primis in fauc bus orci luctus et ultrices posuere cubilia Curae Etiam eros ante, malesuada id tortor sit amet, lacinia luctus eros. Ut efficitur dui ac tortor volutpat semper.</p>\r\n<p>Lorem ipsum dolor sit amet, Etiam ut volutpat dolor. Mauris ut arcu cursus consectetur adipiscing elit. Integer volutpat sodales arcu et hendrerit. Nullam semper ac mauris non sagittis. Ut efficitur dui ac tortor volutpat semper. Donec mauris enim, iaculis eu congue facilisis, aliquam consequat orci. Curabitur facilisis nulla in lorem consequat.</p>\r\n<p>Convallis mi interdum. In maximus iaculis mauris et scelerisque. Aliquam ante orci, lacinia eu elit non, porttitor ultricies erat. Aliquam tincidunt ultrices mi, vitae euismod nulla accumsan et. Donec sollicitudin lacus in vestibulum interdum. Duis purus quam, dignissim non tempus ut, maximus consectetur arcu. Vestibulum tincidunt tincidunt sodales. Nulla facilisi.</p>\r\n<p>Upsum dolor sit amet, consectetur adipiscing elit. Integer volutpat sodales arcu et hendrerit. Nullam semper ac mauris non sagittis. Ut efficitur dui ac tortor volutpat semper. Donec mauris enim, iaculis eu congue facilisis, aliquam consequat orci. Curabitur facilisis nulla in lorem consequat.</p>\r\n<img src=\"/images/articles/article_image-240x340.jpg\" alt=\"\">\r\n<p>Etiam ut volutpat dolor. Mauris ut arcu cursus, ultrici velit a, dictum magna. Integer non rhoncus lectus, It commodo luctus purus. Duis sed lorem ipsum. Mejor Lorem ipsum dolor sit amet, consectetur adipiscing elit. Mauris dignissim sapien a orci aliquam, eleifend maximus nisi ultrices.</p>\r\n<p>Sed et nisi in quam aliquet varius ut non mauris new. Etiam ut volutpat dolor. Mauris ut arcu cursus Vestibulum non iaculis urna, in eleifend eros. Vivamu elementum justo sed augue luctus suscipit. Phasellus pretium posuere elit ac laoreet. Donec placerat liber et erat lacinia congue. Maecenas interdum mi nec porta. Curabitur facilisis nulla in lorem consequat. Sed et nisi in quam aliquet varius ut non mauris new.</p>\r\n<p>Lorem ipsum dolor sit amet, consectetur adipiscing elit. Integer volutpat sodales arcu et hendrerit. Nullam semper ac mauris non sagittis. Ut efficitur dui ac tortor volutpat semper. Donec mauris enim, iaculis eu congue facilisis, aliquam consequat orci. Curabitur facilisis nulla in lorem consequat.</p>\r\nCampaign Against South Korean Goods Leaves Chinesy\r\n<ul>\r\n<li>Lorem ipsum dolor sit amet, consectetur adipiscing elit.</li>\r\n<li>Integer volutpat sodales arcu et hendrerit.</li>\r\n<li>Nullam semper ac mauris non sagittis.</li>\r\n<li>Ut efficitur dui ac tortor volutpat semper.</li>\r\n<li>Donec mauris enim, iaculis eu congue facilisis, aliquam consequat orci.</li>\r\n<li>Curabitur facilisis nulla in lorem consequat.</li>\r\n</ul>\r\nCampaign Against South Korean Goods Leaves Chinesy\r\n<p>Lorem ipsum dolor sit amet, consectetur adipiscing elit. Integer volutpat sodales arcu et hendrerit. Nullam semper ac mauris non sagittis. Ut efficitur dui ac tortor volutpat semper. Donec mauris enim, iaculis eu congue facilisis, aliquam consequat orci. Curabitur facilisis nulla in lorem consequat.</p>\r\n<p>Lorem ipsum dolor sit amet, consectetur adipiscing elit. Integer volutpat sodales arcu et hendrerit. Nullam semper ac mauris non sagittis. Ut efficitur dui ac tortor volutpat semper. Donec mauris enim, iaculis eu congue facilisis, aliquam consequat orci. Curabitur facilisis nulla in lorem consequat.</p>\r\n</div>', 'article-10', '1538286508.jpg', 1, '2018-09-30 03:48:28', '2018-09-30 03:48:28'),
(14, 2, 2, 'Article 11', '<p style=\"text-align:center;\"><strong>Hello all of you, this is the first article</strong></p>', 'article-11', '14.jpg', 1, '2018-08-20 08:26:28', '2018-09-30 00:48:52'),
(15, 2, 2, 'Article 12', '<p style=\"text-align:center;\"><strong>This is another article</strong></p>', 'article-12', '15.jpg', 1, '2018-08-20 08:31:37', '2018-09-30 00:49:14'),
(16, 3, 3, 'Article 13', '<p>Lorem ipsum dolor sit amet, consectetur adipiscing elit. Aenean faucibus in tellus vel consectetur. Cras a quam facilisis, porta dui id, ultrices dui. Donec molestie, tortor eu condimentum tempus, massa nisl auctor dui, sodales tempus diam leo sed magna. Aliquam eu neque non nibh congue euismod. Vestibulum at malesuada nibh, sit amet imperdiet erat. Vivamus fringilla augue nunc, id porttitor lectus iaculis vitae. Maecenas posuere porttitor arcu. Nullam bibendum congue diam sed interdum. Class aptent taciti sociosqu ad litora torquent per conubia nostra, per inceptos himenaeos. Proin laoreet aliquam gravida. Etiam sit amet orci sed augue lacinia vulputate. Phasellus mollis pretium orci, mollis ultrices purus accumsan sed. Vestibulum ante ipsum primis in faucibus orci luctus et ultrices posuere cubilia Curae; Nam ac sollicitudin erat, sit amet cursus elit. Duis nec lacinia eros, sit amet convallis erat.</p>', 'article-13', '17.jpg', 1, '2018-08-20 08:48:05', '2018-09-30 01:41:07'),
(17, 2, 2, 'Article 14', '<p>Indonesian police have arrested a man over the murder of an elderly Japanese couple whose bodies were found burned beyond recognition on the holiday island of Bali.</p>', 'article-14', '16.jpg', 1, '2018-08-20 08:51:52', '2018-09-30 01:41:35'),
(18, 1, 1, 'Article 15', '<p>Curabitur sit amet rutrum lectus. Donec in massa adipiscing, facilisis mi quis, faucibus quam. In adipiscing, nisl vitae varius sagittis, augue nulla pulvinar diam, at viverra est est vel dui. Ut at velit sem. Vivamus rutrum iaculis leo, et vehicula velit aliquam vitae. Pellentesque molestie, ipsum elementum eleifend viverra, felis neque sagittis lorem, sed vestibulum erat dolor iaculis erat. Curabitur porta, arcu vitae luctus sagittis, sapien sapien pretium lorem, id accumsan quam turpis ornare ligula. Curabitur porttitor et quam ut facilisis. In hac habitasse platea dictumst. Nulla sed rhoncus nulla, vitae iaculis eros. Vivamus non enim sit amet velit pharetra luctus. Curabitur sodales lectus vestibulum, hendrerit justo sit amet, ullamcorper diam. Donec eu velit vitae justo convallis convallis.</p>', 'article-15', '18.jpg', 1, '2018-08-20 11:08:48', '2018-09-30 01:42:12'),
(19, 3, 3, 'Article 16', '<div>\r\n<p>Lorem ipsum dolor sit amet, consectetur adipiscing elit. Integer volutpat sodales arcu et hendrerit. Nullam semper ac mauris non sagittis. Ut efficitur dui ac tortor volutpat semper. Donec mauris enim, iaculis eu congue facilisis, aliquam consequat orci. Curabitur facilisis nulla in lorem consequat.</p>\r\n<p><img src=\"/images/articles/article_image-710x350.jpg\" alt=\"\"> Aenean luctus mauris ut risus semper tincidunt.</p>\r\n<p>Praesent semper libero as finibus sodales. Duis a feugiat tortor. Fusce do mattis mauris yauris at nunc commodo, pretium mauris nec, <a href=\"/single\">venenatis augue</a>. Lid est laborum Lorem ipsum dolor sit amet, consectetur adipiscing elit. Vestibulum in sem ut rhoncus. Duis sed tortor sem. Nunc mattis odio ultricies nibh hendrerit, ut tempor lectus consequat. In mollis orci vel rutrum sollicitudin. Quisque non auctor magna. Nam auctor vulputate purus ut rutrum.</p>\r\n<div>\r\n<ul>\r\n<li>Lorem ipsum dolor sit amet conectetur.</li>\r\n<li>Integer volutpat sodales arcu et hendrerit.</li>\r\n<li>Nullam semper ac mauris non sagittis.</li>\r\n<li>Ut efficitur dui ac tortor volutpat semper.</li>\r\n<li>Donec mauris enim, iaculis eu congue.</li>\r\n<li>Curabitur facilisis nulla in lorem.</li>\r\n</ul>\r\n</div>\r\n<p>Aenean luctus mauris ut risus semper ar tincidunt. Orci varius natoque penatibus magns dis parturievnt the mont nasce tur ridiculus mus. Vestibulum ,muntes ipsum primis in fauc bus orci luctus et ultrices posuere cubilia Curae Etiam eros ante, malesuada id tortor sit amet, lacinia luctus eros. Ut efficitur dui ac tortor volutpat semper.</p>\r\n<p>Lorem ipsum dolor sit amet, Etiam ut volutpat dolor. Mauris ut arcu cursus consectetur adipiscing elit. Integer volutpat sodales arcu et hendrerit. Nullam semper ac mauris non sagittis. Ut efficitur dui ac tortor volutpat semper. Donec mauris enim, iaculis eu congue facilisis, aliquam consequat orci. Curabitur facilisis nulla in lorem consequat.</p>\r\n<p>Convallis mi interdum. In maximus iaculis mauris et scelerisque. Aliquam ante orci, lacinia eu elit non, porttitor ultricies erat. Aliquam tincidunt ultrices mi, vitae euismod nulla accumsan et. Donec sollicitudin lacus in vestibulum interdum. Duis purus quam, dignissim non tempus ut, maximus consectetur arcu. Vestibulum tincidunt tincidunt sodales. Nulla facilisi.</p>\r\n<p>Upsum dolor sit amet, consectetur adipiscing elit. Integer volutpat sodales arcu et hendrerit. Nullam semper ac mauris non sagittis. Ut efficitur dui ac tortor volutpat semper. Donec mauris enim, iaculis eu congue facilisis, aliquam consequat orci. Curabitur facilisis nulla in lorem consequat.</p>\r\n<img src=\"/images/articles/article_image-240x340.jpg\" alt=\"\">\r\n<p>Etiam ut volutpat dolor. Mauris ut arcu cursus, ultrici velit a, dictum magna. Integer non rhoncus lectus, It commodo luctus purus. Duis sed lorem ipsum. Mejor Lorem ipsum dolor sit amet, consectetur adipiscing elit. Mauris dignissim sapien a orci aliquam, eleifend maximus nisi ultrices.</p>\r\n<p>Sed et nisi in quam aliquet varius ut non mauris new. Etiam ut volutpat dolor. Mauris ut arcu cursus Vestibulum non iaculis urna, in eleifend eros. Vivamu elementum justo sed augue luctus suscipit. Phasellus pretium posuere elit ac laoreet. Donec placerat liber et erat lacinia congue. Maecenas interdum mi nec porta. Curabitur facilisis nulla in lorem consequat. Sed et nisi in quam aliquet varius ut non mauris new.</p>\r\n<p>Lorem ipsum dolor sit amet, consectetur adipiscing elit. Integer volutpat sodales arcu et hendrerit. Nullam semper ac mauris non sagittis. Ut efficitur dui ac tortor volutpat semper. Donec mauris enim, iaculis eu congue facilisis, aliquam consequat orci. Curabitur facilisis nulla in lorem consequat.</p>\r\nCampaign Against South Korean Goods Leaves Chinesy\r\n<ul>\r\n<li>Lorem ipsum dolor sit amet, consectetur adipiscing elit.</li>\r\n<li>Integer volutpat sodales arcu et hendrerit.</li>\r\n<li>Nullam semper ac mauris non sagittis.</li>\r\n<li>Ut efficitur dui ac tortor volutpat semper.</li>\r\n<li>Donec mauris enim, iaculis eu congue facilisis, aliquam consequat orci.</li>\r\n<li>Curabitur facilisis nulla in lorem consequat.</li>\r\n</ul>\r\nCampaign Against South Korean Goods Leaves Chinesy\r\n<p>Lorem ipsum dolor sit amet, consectetur adipiscing elit. Integer volutpat sodales arcu et hendrerit. Nullam semper ac mauris non sagittis. Ut efficitur dui ac tortor volutpat semper. Donec mauris enim, iaculis eu congue facilisis, aliquam consequat orci. Curabitur facilisis nulla in lorem consequat.</p>\r\n<p>Lorem ipsum dolor sit amet, consectetur adipiscing elit. Integer volutpat sodales arcu et hendrerit. Nullam semper ac mauris non sagittis. Ut efficitur dui ac tortor volutpat semper. Donec mauris enim, iaculis eu congue facilisis, aliquam consequat orci. Curabitur facilisis nulla in lorem consequat.</p>\r\n</div>', 'article-16', '19.jpg', 1, '2018-09-30 01:43:59', '2018-09-30 01:43:59'),
(20, 2, 1, 'Article 17', '<div>\r\n<p>Lorem ipsum dolor sit amet, consectetur adipiscing elit. Integer volutpat sodales arcu et hendrerit. Nullam semper ac mauris non sagittis. Ut efficitur dui ac tortor volutpat semper. Donec mauris enim, iaculis eu congue facilisis, aliquam consequat orci. Curabitur facilisis nulla in lorem consequat.</p>\r\n<p><img src=\"/images/articles/article_image-710x350.jpg\" alt=\"\"> Aenean luctus mauris ut risus semper tincidunt.</p>\r\n<p>Praesent semper libero as finibus sodales. Duis a feugiat tortor. Fusce do mattis mauris yauris at nunc commodo, pretium mauris nec, <a href=\"/single\">venenatis augue</a>. Lid est laborum Lorem ipsum dolor sit amet, consectetur adipiscing elit. Vestibulum in sem ut rhoncus. Duis sed tortor sem. Nunc mattis odio ultricies nibh hendrerit, ut tempor lectus consequat. In mollis orci vel rutrum sollicitudin. Quisque non auctor magna. Nam auctor vulputate purus ut rutrum.</p>\r\n<div>\r\n<ul>\r\n<li>Lorem ipsum dolor sit amet conectetur.</li>\r\n<li>Integer volutpat sodales arcu et hendrerit.</li>\r\n<li>Nullam semper ac mauris non sagittis.</li>\r\n<li>Ut efficitur dui ac tortor volutpat semper.</li>\r\n<li>Donec mauris enim, iaculis eu congue.</li>\r\n<li>Curabitur facilisis nulla in lorem.</li>\r\n</ul>\r\n</div>\r\n<p>Aenean luctus mauris ut risus semper ar tincidunt. Orci varius natoque penatibus magns dis parturievnt the mont nasce tur ridiculus mus. Vestibulum ,muntes ipsum primis in fauc bus orci luctus et ultrices posuere cubilia Curae Etiam eros ante, malesuada id tortor sit amet, lacinia luctus eros. Ut efficitur dui ac tortor volutpat semper.</p>\r\n<p>Lorem ipsum dolor sit amet, Etiam ut volutpat dolor. Mauris ut arcu cursus consectetur adipiscing elit. Integer volutpat sodales arcu et hendrerit. Nullam semper ac mauris non sagittis. Ut efficitur dui ac tortor volutpat semper. Donec mauris enim, iaculis eu congue facilisis, aliquam consequat orci. Curabitur facilisis nulla in lorem consequat.</p>\r\n<p>Convallis mi interdum. In maximus iaculis mauris et scelerisque. Aliquam ante orci, lacinia eu elit non, porttitor ultricies erat. Aliquam tincidunt ultrices mi, vitae euismod nulla accumsan et. Donec sollicitudin lacus in vestibulum interdum. Duis purus quam, dignissim non tempus ut, maximus consectetur arcu. Vestibulum tincidunt tincidunt sodales. Nulla facilisi.</p>\r\n<p>Upsum dolor sit amet, consectetur adipiscing elit. Integer volutpat sodales arcu et hendrerit. Nullam semper ac mauris non sagittis. Ut efficitur dui ac tortor volutpat semper. Donec mauris enim, iaculis eu congue facilisis, aliquam consequat orci. Curabitur facilisis nulla in lorem consequat.</p>\r\n<img src=\"/images/articles/article_image-240x340.jpg\" alt=\"\">\r\n<p>Etiam ut volutpat dolor. Mauris ut arcu cursus, ultrici velit a, dictum magna. Integer non rhoncus lectus, It commodo luctus purus. Duis sed lorem ipsum. Mejor Lorem ipsum dolor sit amet, consectetur adipiscing elit. Mauris dignissim sapien a orci aliquam, eleifend maximus nisi ultrices.</p>\r\n<p>Sed et nisi in quam aliquet varius ut non mauris new. Etiam ut volutpat dolor. Mauris ut arcu cursus Vestibulum non iaculis urna, in eleifend eros. Vivamu elementum justo sed augue luctus suscipit. Phasellus pretium posuere elit ac laoreet. Donec placerat liber et erat lacinia congue. Maecenas interdum mi nec porta. Curabitur facilisis nulla in lorem consequat. Sed et nisi in quam aliquet varius ut non mauris new.</p>\r\n<p>Lorem ipsum dolor sit amet, consectetur adipiscing elit. Integer volutpat sodales arcu et hendrerit. Nullam semper ac mauris non sagittis. Ut efficitur dui ac tortor volutpat semper. Donec mauris enim, iaculis eu congue facilisis, aliquam consequat orci. Curabitur facilisis nulla in lorem consequat.</p>\r\nCampaign Against South Korean Goods Leaves Chinesy\r\n<ul>\r\n<li>Lorem ipsum dolor sit amet, consectetur adipiscing elit.</li>\r\n<li>Integer volutpat sodales arcu et hendrerit.</li>\r\n<li>Nullam semper ac mauris non sagittis.</li>\r\n<li>Ut efficitur dui ac tortor volutpat semper.</li>\r\n<li>Donec mauris enim, iaculis eu congue facilisis, aliquam consequat orci.</li>\r\n<li>Curabitur facilisis nulla in lorem consequat.</li>\r\n</ul>\r\nCampaign Against South Korean Goods Leaves Chinesy\r\n<p>Lorem ipsum dolor sit amet, consectetur adipiscing elit. Integer volutpat sodales arcu et hendrerit. Nullam semper ac mauris non sagittis. Ut efficitur dui ac tortor volutpat semper. Donec mauris enim, iaculis eu congue facilisis, aliquam consequat orci. Curabitur facilisis nulla in lorem consequat.</p>\r\n<p>Lorem ipsum dolor sit amet, consectetur adipiscing elit. Integer volutpat sodales arcu et hendrerit. Nullam semper ac mauris non sagittis. Ut efficitur dui ac tortor volutpat semper. Donec mauris enim, iaculis eu congue facilisis, aliquam consequat orci. Curabitur facilisis nulla in lorem consequat.</p>\r\n</div>', 'article-17', '20.jpg', 1, '2018-09-30 01:44:35', '2018-09-30 01:44:35'),
(21, 3, 3, 'Article 18', '<div>\r\n<p>Lorem ipsum dolor sit amet, consectetur adipiscing elit. Integer volutpat sodales arcu et hendrerit. Nullam semper ac mauris non sagittis. Ut efficitur dui ac tortor volutpat semper. Donec mauris enim, iaculis eu congue facilisis, aliquam consequat orci. Curabitur facilisis nulla in lorem consequat.</p>\r\n<p><img src=\"/images/articles/article_image-710x350.jpg\" alt=\"\"> Aenean luctus mauris ut risus semper tincidunt.</p>\r\n<p>Praesent semper libero as finibus sodales. Duis a feugiat tortor. Fusce do mattis mauris yauris at nunc commodo, pretium mauris nec, <a href=\"/single\">venenatis augue</a>. Lid est laborum Lorem ipsum dolor sit amet, consectetur adipiscing elit. Vestibulum in sem ut rhoncus. Duis sed tortor sem. Nunc mattis odio ultricies nibh hendrerit, ut tempor lectus consequat. In mollis orci vel rutrum sollicitudin. Quisque non auctor magna. Nam auctor vulputate purus ut rutrum.</p>\r\n<div>\r\n<ul>\r\n<li>Lorem ipsum dolor sit amet conectetur.</li>\r\n<li>Integer volutpat sodales arcu et hendrerit.</li>\r\n<li>Nullam semper ac mauris non sagittis.</li>\r\n<li>Ut efficitur dui ac tortor volutpat semper.</li>\r\n<li>Donec mauris enim, iaculis eu congue.</li>\r\n<li>Curabitur facilisis nulla in lorem.</li>\r\n</ul>\r\n</div>\r\n<p>Aenean luctus mauris ut risus semper ar tincidunt. Orci varius natoque penatibus magns dis parturievnt the mont nasce tur ridiculus mus. Vestibulum ,muntes ipsum primis in fauc bus orci luctus et ultrices posuere cubilia Curae Etiam eros ante, malesuada id tortor sit amet, lacinia luctus eros. Ut efficitur dui ac tortor volutpat semper.</p>\r\n<p>Lorem ipsum dolor sit amet, Etiam ut volutpat dolor. Mauris ut arcu cursus consectetur adipiscing elit. Integer volutpat sodales arcu et hendrerit. Nullam semper ac mauris non sagittis. Ut efficitur dui ac tortor volutpat semper. Donec mauris enim, iaculis eu congue facilisis, aliquam consequat orci. Curabitur facilisis nulla in lorem consequat.</p>\r\n<p>Convallis mi interdum. In maximus iaculis mauris et scelerisque. Aliquam ante orci, lacinia eu elit non, porttitor ultricies erat. Aliquam tincidunt ultrices mi, vitae euismod nulla accumsan et. Donec sollicitudin lacus in vestibulum interdum. Duis purus quam, dignissim non tempus ut, maximus consectetur arcu. Vestibulum tincidunt tincidunt sodales. Nulla facilisi.</p>\r\n<p>Upsum dolor sit amet, consectetur adipiscing elit. Integer volutpat sodales arcu et hendrerit. Nullam semper ac mauris non sagittis. Ut efficitur dui ac tortor volutpat semper. Donec mauris enim, iaculis eu congue facilisis, aliquam consequat orci. Curabitur facilisis nulla in lorem consequat.</p>\r\n<img src=\"/images/articles/article_image-240x340.jpg\" alt=\"\">\r\n<p>Etiam ut volutpat dolor. Mauris ut arcu cursus, ultrici velit a, dictum magna. Integer non rhoncus lectus, It commodo luctus purus. Duis sed lorem ipsum. Mejor Lorem ipsum dolor sit amet, consectetur adipiscing elit. Mauris dignissim sapien a orci aliquam, eleifend maximus nisi ultrices.</p>\r\n<p>Sed et nisi in quam aliquet varius ut non mauris new. Etiam ut volutpat dolor. Mauris ut arcu cursus Vestibulum non iaculis urna, in eleifend eros. Vivamu elementum justo sed augue luctus suscipit. Phasellus pretium posuere elit ac laoreet. Donec placerat liber et erat lacinia congue. Maecenas interdum mi nec porta. Curabitur facilisis nulla in lorem consequat. Sed et nisi in quam aliquet varius ut non mauris new.</p>\r\n<p>Lorem ipsum dolor sit amet, consectetur adipiscing elit. Integer volutpat sodales arcu et hendrerit. Nullam semper ac mauris non sagittis. Ut efficitur dui ac tortor volutpat semper. Donec mauris enim, iaculis eu congue facilisis, aliquam consequat orci. Curabitur facilisis nulla in lorem consequat.</p>\r\nCampaign Against South Korean Goods Leaves Chinesy\r\n<ul>\r\n<li>Lorem ipsum dolor sit amet, consectetur adipiscing elit.</li>\r\n<li>Integer volutpat sodales arcu et hendrerit.</li>\r\n<li>Nullam semper ac mauris non sagittis.</li>\r\n<li>Ut efficitur dui ac tortor volutpat semper.</li>\r\n<li>Donec mauris enim, iaculis eu congue facilisis, aliquam consequat orci.</li>\r\n<li>Curabitur facilisis nulla in lorem consequat.</li>\r\n</ul>\r\nCampaign Against South Korean Goods Leaves Chinesy\r\n<p>Lorem ipsum dolor sit amet, consectetur adipiscing elit. Integer volutpat sodales arcu et hendrerit. Nullam semper ac mauris non sagittis. Ut efficitur dui ac tortor volutpat semper. Donec mauris enim, iaculis eu congue facilisis, aliquam consequat orci. Curabitur facilisis nulla in lorem consequat.</p>\r\n<p>Lorem ipsum dolor sit amet, consectetur adipiscing elit. Integer volutpat sodales arcu et hendrerit. Nullam semper ac mauris non sagittis. Ut efficitur dui ac tortor volutpat semper. Donec mauris enim, iaculis eu congue facilisis, aliquam consequat orci. Curabitur facilisis nulla in lorem consequat.</p>\r\n</div>', 'article-18', '13.jpg', 1, '2018-09-30 01:45:17', '2018-09-30 01:45:17');
INSERT INTO `articles` (`id`, `user_id`, `category_id`, `title`, `body`, `slug`, `thumbnail`, `approved`, `created_at`, `updated_at`) VALUES
(22, 2, 1, 'Article 19', '<div>\r\n<p>Lorem ipsum dolor sit amet, consectetur adipiscing elit. Integer volutpat sodales arcu et hendrerit. Nullam semper ac mauris non sagittis. Ut efficitur dui ac tortor volutpat semper. Donec mauris enim, iaculis eu congue facilisis, aliquam consequat orci. Curabitur facilisis nulla in lorem consequat.</p>\r\n<p><img src=\"/images/articles/article_image-710x350.jpg\" alt=\"\"> Aenean luctus mauris ut risus semper tincidunt.</p>\r\n<p>Praesent semper libero as finibus sodales. Duis a feugiat tortor. Fusce do mattis mauris yauris at nunc commodo, pretium mauris nec, <a href=\"/single\">venenatis augue</a>. Lid est laborum Lorem ipsum dolor sit amet, consectetur adipiscing elit. Vestibulum in sem ut rhoncus. Duis sed tortor sem. Nunc mattis odio ultricies nibh hendrerit, ut tempor lectus consequat. In mollis orci vel rutrum sollicitudin. Quisque non auctor magna. Nam auctor vulputate purus ut rutrum.</p>\r\n<div>\r\n<ul>\r\n<li>Lorem ipsum dolor sit amet conectetur.</li>\r\n<li>Integer volutpat sodales arcu et hendrerit.</li>\r\n<li>Nullam semper ac mauris non sagittis.</li>\r\n<li>Ut efficitur dui ac tortor volutpat semper.</li>\r\n<li>Donec mauris enim, iaculis eu congue.</li>\r\n<li>Curabitur facilisis nulla in lorem.</li>\r\n</ul>\r\n</div>\r\n<p>Aenean luctus mauris ut risus semper ar tincidunt. Orci varius natoque penatibus magns dis parturievnt the mont nasce tur ridiculus mus. Vestibulum ,muntes ipsum primis in fauc bus orci luctus et ultrices posuere cubilia Curae Etiam eros ante, malesuada id tortor sit amet, lacinia luctus eros. Ut efficitur dui ac tortor volutpat semper.</p>\r\n<p>Lorem ipsum dolor sit amet, Etiam ut volutpat dolor. Mauris ut arcu cursus consectetur adipiscing elit. Integer volutpat sodales arcu et hendrerit. Nullam semper ac mauris non sagittis. Ut efficitur dui ac tortor volutpat semper. Donec mauris enim, iaculis eu congue facilisis, aliquam consequat orci. Curabitur facilisis nulla in lorem consequat.</p>\r\n<p>Convallis mi interdum. In maximus iaculis mauris et scelerisque. Aliquam ante orci, lacinia eu elit non, porttitor ultricies erat. Aliquam tincidunt ultrices mi, vitae euismod nulla accumsan et. Donec sollicitudin lacus in vestibulum interdum. Duis purus quam, dignissim non tempus ut, maximus consectetur arcu. Vestibulum tincidunt tincidunt sodales. Nulla facilisi.</p>\r\n<p>Upsum dolor sit amet, consectetur adipiscing elit. Integer volutpat sodales arcu et hendrerit. Nullam semper ac mauris non sagittis. Ut efficitur dui ac tortor volutpat semper. Donec mauris enim, iaculis eu congue facilisis, aliquam consequat orci. Curabitur facilisis nulla in lorem consequat.</p>\r\n<img src=\"/images/articles/article_image-240x340.jpg\" alt=\"\">\r\n<p>Etiam ut volutpat dolor. Mauris ut arcu cursus, ultrici velit a, dictum magna. Integer non rhoncus lectus, It commodo luctus purus. Duis sed lorem ipsum. Mejor Lorem ipsum dolor sit amet, consectetur adipiscing elit. Mauris dignissim sapien a orci aliquam, eleifend maximus nisi ultrices.</p>\r\n<p>Sed et nisi in quam aliquet varius ut non mauris new. Etiam ut volutpat dolor. Mauris ut arcu cursus Vestibulum non iaculis urna, in eleifend eros. Vivamu elementum justo sed augue luctus suscipit. Phasellus pretium posuere elit ac laoreet. Donec placerat liber et erat lacinia congue. Maecenas interdum mi nec porta. Curabitur facilisis nulla in lorem consequat. Sed et nisi in quam aliquet varius ut non mauris new.</p>\r\n<p>Lorem ipsum dolor sit amet, consectetur adipiscing elit. Integer volutpat sodales arcu et hendrerit. Nullam semper ac mauris non sagittis. Ut efficitur dui ac tortor volutpat semper. Donec mauris enim, iaculis eu congue facilisis, aliquam consequat orci. Curabitur facilisis nulla in lorem consequat.</p>\r\nCampaign Against South Korean Goods Leaves Chinesy\r\n<ul>\r\n<li>Lorem ipsum dolor sit amet, consectetur adipiscing elit.</li>\r\n<li>Integer volutpat sodales arcu et hendrerit.</li>\r\n<li>Nullam semper ac mauris non sagittis.</li>\r\n<li>Ut efficitur dui ac tortor volutpat semper.</li>\r\n<li>Donec mauris enim, iaculis eu congue facilisis, aliquam consequat orci.</li>\r\n<li>Curabitur facilisis nulla in lorem consequat.</li>\r\n</ul>\r\nCampaign Against South Korean Goods Leaves Chinesy\r\n<p>Lorem ipsum dolor sit amet, consectetur adipiscing elit. Integer volutpat sodales arcu et hendrerit. Nullam semper ac mauris non sagittis. Ut efficitur dui ac tortor volutpat semper. Donec mauris enim, iaculis eu congue facilisis, aliquam consequat orci. Curabitur facilisis nulla in lorem consequat.</p>\r\n<p>Lorem ipsum dolor sit amet, consectetur adipiscing elit. Integer volutpat sodales arcu et hendrerit. Nullam semper ac mauris non sagittis. Ut efficitur dui ac tortor volutpat semper. Donec mauris enim, iaculis eu congue facilisis, aliquam consequat orci. Curabitur facilisis nulla in lorem consequat.</p>\r\n</div>', 'article-19', '11.jpg', 1, '2018-09-30 01:46:53', '2018-09-30 01:47:50'),
(23, 2, 2, 'article 20', '<div>\r\n<p>Lorem ipsum dolor sit amet, consectetur adipiscing elit. Integer volutpat sodales arcu et hendrerit. Nullam semper ac mauris non sagittis. Ut efficitur dui ac tortor volutpat semper. Donec mauris enim, iaculis eu congue facilisis, aliquam consequat orci. Curabitur facilisis nulla in lorem consequat.</p>\r\n<p><img src=\"/images/articles/article_image-710x350.jpg\" alt=\"\"> Aenean luctus mauris ut risus semper tincidunt.</p>\r\n<p>Praesent semper libero as finibus sodales. Duis a feugiat tortor. Fusce do mattis mauris yauris at nunc commodo, pretium mauris nec, <a href=\"/single\">venenatis augue</a>. Lid est laborum Lorem ipsum dolor sit amet, consectetur adipiscing elit. Vestibulum in sem ut rhoncus. Duis sed tortor sem. Nunc mattis odio ultricies nibh hendrerit, ut tempor lectus consequat. In mollis orci vel rutrum sollicitudin. Quisque non auctor magna. Nam auctor vulputate purus ut rutrum.</p>\r\n<div>\r\n<ul>\r\n<li>Lorem ipsum dolor sit amet conectetur.</li>\r\n<li>Integer volutpat sodales arcu et hendrerit.</li>\r\n<li>Nullam semper ac mauris non sagittis.</li>\r\n<li>Ut efficitur dui ac tortor volutpat semper.</li>\r\n<li>Donec mauris enim, iaculis eu congue.</li>\r\n<li>Curabitur facilisis nulla in lorem.</li>\r\n</ul>\r\n</div>\r\n<p>Aenean luctus mauris ut risus semper ar tincidunt. Orci varius natoque penatibus magns dis parturievnt the mont nasce tur ridiculus mus. Vestibulum ,muntes ipsum primis in fauc bus orci luctus et ultrices posuere cubilia Curae Etiam eros ante, malesuada id tortor sit amet, lacinia luctus eros. Ut efficitur dui ac tortor volutpat semper.</p>\r\n<p>Lorem ipsum dolor sit amet, Etiam ut volutpat dolor. Mauris ut arcu cursus consectetur adipiscing elit. Integer volutpat sodales arcu et hendrerit. Nullam semper ac mauris non sagittis. Ut efficitur dui ac tortor volutpat semper. Donec mauris enim, iaculis eu congue facilisis, aliquam consequat orci. Curabitur facilisis nulla in lorem consequat.</p>\r\n<p>Convallis mi interdum. In maximus iaculis mauris et scelerisque. Aliquam ante orci, lacinia eu elit non, porttitor ultricies erat. Aliquam tincidunt ultrices mi, vitae euismod nulla accumsan et. Donec sollicitudin lacus in vestibulum interdum. Duis purus quam, dignissim non tempus ut, maximus consectetur arcu. Vestibulum tincidunt tincidunt sodales. Nulla facilisi.</p>\r\n<p>Upsum dolor sit amet, consectetur adipiscing elit. Integer volutpat sodales arcu et hendrerit. Nullam semper ac mauris non sagittis. Ut efficitur dui ac tortor volutpat semper. Donec mauris enim, iaculis eu congue facilisis, aliquam consequat orci. Curabitur facilisis nulla in lorem consequat.</p>\r\n<img src=\"/images/articles/article_image-240x340.jpg\" alt=\"\">\r\n<p>Etiam ut volutpat dolor. Mauris ut arcu cursus, ultrici velit a, dictum magna. Integer non rhoncus lectus, It commodo luctus purus. Duis sed lorem ipsum. Mejor Lorem ipsum dolor sit amet, consectetur adipiscing elit. Mauris dignissim sapien a orci aliquam, eleifend maximus nisi ultrices.</p>\r\n<p>Sed et nisi in quam aliquet varius ut non mauris new. Etiam ut volutpat dolor. Mauris ut arcu cursus Vestibulum non iaculis urna, in eleifend eros. Vivamu elementum justo sed augue luctus suscipit. Phasellus pretium posuere elit ac laoreet. Donec placerat liber et erat lacinia congue. Maecenas interdum mi nec porta. Curabitur facilisis nulla in lorem consequat. Sed et nisi in quam aliquet varius ut non mauris new.</p>\r\n<p>Lorem ipsum dolor sit amet, consectetur adipiscing elit. Integer volutpat sodales arcu et hendrerit. Nullam semper ac mauris non sagittis. Ut efficitur dui ac tortor volutpat semper. Donec mauris enim, iaculis eu congue facilisis, aliquam consequat orci. Curabitur facilisis nulla in lorem consequat.</p>\r\nCampaign Against South Korean Goods Leaves Chinesy\r\n<ul>\r\n<li>Lorem ipsum dolor sit amet, consectetur adipiscing elit.</li>\r\n<li>Integer volutpat sodales arcu et hendrerit.</li>\r\n<li>Nullam semper ac mauris non sagittis.</li>\r\n<li>Ut efficitur dui ac tortor volutpat semper.</li>\r\n<li>Donec mauris enim, iaculis eu congue facilisis, aliquam consequat orci.</li>\r\n<li>Curabitur facilisis nulla in lorem consequat.</li>\r\n</ul>\r\nCampaign Against South Korean Goods Leaves Chinesy\r\n<p>Lorem ipsum dolor sit amet, consectetur adipiscing elit. Integer volutpat sodales arcu et hendrerit. Nullam semper ac mauris non sagittis. Ut efficitur dui ac tortor volutpat semper. Donec mauris enim, iaculis eu congue facilisis, aliquam consequat orci. Curabitur facilisis nulla in lorem consequat.</p>\r\n<p>Lorem ipsum dolor sit amet, consectetur adipiscing elit. Integer volutpat sodales arcu et hendrerit. Nullam semper ac mauris non sagittis. Ut efficitur dui ac tortor volutpat semper. Donec mauris enim, iaculis eu congue facilisis, aliquam consequat orci. Curabitur facilisis nulla in lorem consequat.</p>\r\n</div>', 'article-20', '12.jpg', 1, '2018-09-30 01:48:28', '2018-09-30 01:48:28');

-- --------------------------------------------------------

--
-- Table structure for table `article_tag`
--

CREATE TABLE `article_tag` (
  `id` int(10) UNSIGNED NOT NULL,
  `article_id` int(10) UNSIGNED NOT NULL,
  `tag_id` int(10) UNSIGNED NOT NULL
) ENGINE=InnoDB DEFAULT CHARSET=utf8mb4 COLLATE=utf8mb4_unicode_ci;

--
-- Dumping data for table `article_tag`
--

INSERT INTO `article_tag` (`id`, `article_id`, `tag_id`) VALUES
(5, 7, 3),
(6, 6, 1),
(7, 6, 2),
(8, 8, 2),
(9, 9, 2),
(10, 10, 3),
(11, 11, 2),
(12, 11, 3),
(13, 12, 2);

-- --------------------------------------------------------

--
-- Table structure for table `categories`
--

CREATE TABLE `categories` (
  `id` int(10) UNSIGNED NOT NULL,
  `user_id` int(10) UNSIGNED NOT NULL,
  `name` varchar(191) COLLATE utf8mb4_unicode_ci NOT NULL,
  `slug` varchar(191) COLLATE utf8mb4_unicode_ci NOT NULL,
  `image` varchar(191) COLLATE utf8mb4_unicode_ci NOT NULL,
  `created_at` timestamp NULL DEFAULT NULL,
  `updated_at` timestamp NULL DEFAULT NULL
) ENGINE=InnoDB DEFAULT CHARSET=utf8mb4 COLLATE=utf8mb4_unicode_ci;

--
-- Dumping data for table `categories`
--

INSERT INTO `categories` (`id`, `user_id`, `name`, `slug`, `image`, `created_at`, `updated_at`) VALUES
(1, 1, 'umuco', 'umuco', '1534760262.jpg', '2018-08-20 08:17:42', '2018-08-20 08:17:42'),
(2, 1, 'Politike', 'politike', '1534762405.jpg', '2018-08-20 08:53:25', '2018-08-20 08:53:25'),
(3, 1, 'Siporo', 'siporo', '1534763886-Curb-Appeal-Mateus-Realty.jpg', '2018-08-20 09:07:00', '2018-08-20 09:18:06'),
(4, 1, 'Ikoranabuhanga', 'ikoranabuhanga', 'default-category-image.jpg', '2018-08-20 16:43:54', '2018-08-20 16:43:54');

-- --------------------------------------------------------

--
-- Table structure for table `comments`
--

CREATE TABLE `comments` (
  `id` int(10) UNSIGNED NOT NULL,
  `name` varchar(191) COLLATE utf8mb4_unicode_ci NOT NULL,
  `email` varchar(191) COLLATE utf8mb4_unicode_ci NOT NULL,
  `comment` text COLLATE utf8mb4_unicode_ci NOT NULL,
  `approved` tinyint(1) NOT NULL,
  `article_id` int(10) UNSIGNED NOT NULL,
  `created_at` timestamp NULL DEFAULT NULL,
  `updated_at` timestamp NULL DEFAULT NULL
) ENGINE=InnoDB DEFAULT CHARSET=utf8mb4 COLLATE=utf8mb4_unicode_ci;

--
-- Dumping data for table `comments`
--

INSERT INTO `comments` (`id`, `name`, `email`, `comment`, `approved`, `article_id`, `created_at`, `updated_at`) VALUES
(5, 'Omar', 'omar@gmail.com', '<p>Hello I am Omar</p>', 1, 2, '2018-09-21 10:37:13', '2018-09-21 10:37:13'),
(6, 'Hervera', 'hervera14@yahoo.fr', '<p>Hello everyone</p>', 1, 18, '2018-10-02 02:18:05', '2018-10-02 02:18:05'),
(7, 'Jean', 'jean@gmail.com', '<p>Bjr</p>', 1, 18, '2018-10-02 03:05:25', '2018-10-02 03:05:25'),
(8, 'Jose', 'jose@gmail.com', '<p>Hello, I am Jose</p>', 1, 17, '2018-10-02 05:16:08', '2018-10-02 05:16:08'),
(9, 'Danny', 'danny@gmail.com', '<p>Mwiriweho</p>', 1, 15, '2018-10-15 15:28:21', '2018-10-15 15:28:21'),
(10, 'Jean', 'jean@gmail.com', '<p>Muraho!</p>', 1, 15, '2018-10-15 15:28:52', '2018-10-15 15:28:52');

-- --------------------------------------------------------

--
-- Table structure for table `comment_replies`
--

CREATE TABLE `comment_replies` (
  `id` int(10) UNSIGNED NOT NULL,
  `comment_id` int(10) UNSIGNED NOT NULL,
  `name` varchar(191) COLLATE utf8mb4_unicode_ci NOT NULL,
  `email` varchar(191) COLLATE utf8mb4_unicode_ci NOT NULL,
  `reply` text COLLATE utf8mb4_unicode_ci NOT NULL,
  `created_at` timestamp NULL DEFAULT NULL,
  `updated_at` timestamp NULL DEFAULT NULL
) ENGINE=InnoDB DEFAULT CHARSET=utf8mb4 COLLATE=utf8mb4_unicode_ci;

--
-- Dumping data for table `comment_replies`
--

INSERT INTO `comment_replies` (`id`, `comment_id`, `name`, `email`, `reply`, `created_at`, `updated_at`) VALUES
(1, 7, 'David', 'david@gmail.com', 'Hello I am David', '2018-10-02 03:27:52', '2018-10-02 03:27:52'),
(2, 6, 'Ariane', 'ariane@gmail.com', 'Hello I am Ariane', '2018-10-02 03:31:26', '2018-10-02 03:31:26'),
(3, 5, 'Eric', 'eric@gmail.com', 'Hey  I am Eric', '2018-10-02 05:12:01', '2018-10-02 05:12:01'),
(4, 6, 'Desire', 'desire@gmail.com', 'Hi I\'m Desire', '2018-10-02 05:12:53', '2018-10-02 05:12:53'),
(5, 8, 'Damari', 'dama@gmail.com', 'Hello I am Dama', '2018-10-02 05:16:42', '2018-10-02 05:16:42'),
(6, 8, 'Mami', 'mami@gmail.com', 'Hello I am Mami', '2018-10-02 05:17:28', '2018-10-02 05:17:28'),
(7, 8, 'Seba', 'seba@gmail.com', 'How are you Mami', '2018-10-02 05:18:28', '2018-10-02 05:18:28'),
(8, 8, 'toba', 'toba@gmail.com', 'Hahaha Dama!!!', '2018-10-02 05:19:01', '2018-10-02 05:19:01'),
(9, 9, 'Admin', 'admin@gmail.com', 'Bite', '2018-10-15 15:29:25', '2018-10-15 15:29:25'),
(10, 10, 'Eric', 'eric2@gmail.com', 'Hello', '2018-10-15 15:29:55', '2018-10-15 15:29:55');

-- --------------------------------------------------------

--
-- Table structure for table `contacts`
--

CREATE TABLE `contacts` (
  `id` int(10) UNSIGNED NOT NULL,
  `name` varchar(191) COLLATE utf8mb4_unicode_ci NOT NULL,
  `email` varchar(191) COLLATE utf8mb4_unicode_ci NOT NULL,
  `tel` varchar(191) COLLATE utf8mb4_unicode_ci DEFAULT NULL,
  `subject` varchar(191) COLLATE utf8mb4_unicode_ci DEFAULT NULL,
  `message` text COLLATE utf8mb4_unicode_ci NOT NULL,
  `created_at` timestamp NULL DEFAULT NULL,
  `updated_at` timestamp NULL DEFAULT NULL
) ENGINE=InnoDB DEFAULT CHARSET=utf8mb4 COLLATE=utf8mb4_unicode_ci;

--
-- Dumping data for table `contacts`
--

INSERT INTO `contacts` (`id`, `name`, `email`, `tel`, `subject`, `message`, `created_at`, `updated_at`) VALUES
(1, 'Herve Nkurikiyimfura', 'nkuliherve@gmail.com', '0786007267', '<p>Salutation</p>', '<p>Hello, i would like to salute you</p>', '2018-09-26 02:21:00', '2018-09-26 02:21:00'),
(2, 'Kevine Rugero', 'rugero@gmai.com', 'rugero@gmai.com', '<p>Salutation</p>', '<p>Hi all of u</p>', '2018-09-26 03:07:45', '2018-09-26 03:07:45');

-- --------------------------------------------------------

--
-- Table structure for table `faqs`
--

CREATE TABLE `faqs` (
  `id` int(10) UNSIGNED NOT NULL,
  `user_id` int(10) UNSIGNED NOT NULL,
  `question` varchar(191) COLLATE utf8mb4_unicode_ci NOT NULL,
  `answer` text COLLATE utf8mb4_unicode_ci NOT NULL,
  `status` tinyint(1) NOT NULL DEFAULT '0',
  `created_at` timestamp NULL DEFAULT NULL,
  `updated_at` timestamp NULL DEFAULT NULL,
  `deleted_at` timestamp NULL DEFAULT NULL
) ENGINE=InnoDB DEFAULT CHARSET=utf8mb4 COLLATE=utf8mb4_unicode_ci;

--
-- Dumping data for table `faqs`
--

INSERT INTO `faqs` (`id`, `user_id`, `question`, `answer`, `status`, `created_at`, `updated_at`, `deleted_at`) VALUES
(1, 1, 'What is KuvaKera?', 'KuvaKera is website of world history', 1, '2018-09-25 07:21:16', '2018-09-28 02:37:36', NULL),
(4, 1, 'how to visit this site?', 'go to govrw.com', 0, '2018-09-28 03:22:08', '2018-09-28 03:22:08', NULL),
(6, 1, 'how to visit this site 3?', 'go to govrw.com', 0, '2018-09-28 03:24:51', '2018-09-28 03:24:51', NULL);

-- --------------------------------------------------------

--
-- Table structure for table `migrations`
--

CREATE TABLE `migrations` (
  `id` int(10) UNSIGNED NOT NULL,
  `migration` varchar(191) COLLATE utf8mb4_unicode_ci NOT NULL,
  `batch` int(11) NOT NULL
) ENGINE=InnoDB DEFAULT CHARSET=utf8mb4 COLLATE=utf8mb4_unicode_ci;

--
-- Dumping data for table `migrations`
--

INSERT INTO `migrations` (`id`, `migration`, `batch`) VALUES
(1, '2014_10_12_000000_create_users_table', 1),
(2, '2014_10_12_100000_create_password_resets_table', 1),
(3, '2018_02_25_201845_laratrust_setup_tables', 1),
(4, '2018_02_25_202432_create_adverts_table', 1),
(5, '2018_02_25_204457_create_contacts_table', 1),
(6, '2018_03_04_191801_create_team_table', 1),
(7, '2018_03_10_145124_create_articles_table', 1),
(8, '2018_04_15_045240_create_role_team_table', 1),
(9, '2018_08_17_054740_create_categories_table', 1),
(10, '2018_08_17_054902_create_comments_table', 1),
(11, '2018_08_17_055859_create_subscribers_table', 1),
(12, '2018_08_19_075700_create_pages_table', 1),
(19, '2018_08_20_094612_create_faqs_table', 2),
(21, '2018_08_20_114132_create_tags_table', 3),
(22, '2018_08_20_114322_create_article_tag_table', 4),
(23, '2018_08_20_143601_add_user_id_to_pages_table', 5),
(24, '2018_08_20_144034_add_user_id_to_faqs_table', 6),
(26, '2018_08_20_144413_add_user_id_to_tags_table', 7),
(27, '2018_08_20_144252_add_user_id_to_categories_table', 8),
(29, '2018_08_20_103534_add_category_id_to_articles-table', 9),
(30, '2018_09_26_040119_add_tel_to_contacts_table', 10),
(32, '2018_09_30_095755_create_comment_replies_table', 11);

-- --------------------------------------------------------

--
-- Table structure for table `pages`
--

CREATE TABLE `pages` (
  `id` int(10) UNSIGNED NOT NULL,
  `user_id` int(10) UNSIGNED NOT NULL,
  `title` varchar(255) COLLATE utf8mb4_unicode_ci NOT NULL,
  `slug` varchar(191) COLLATE utf8mb4_unicode_ci NOT NULL,
  `body` text COLLATE utf8mb4_unicode_ci NOT NULL,
  `approved` tinyint(1) NOT NULL DEFAULT '1',
  `created_at` timestamp NULL DEFAULT NULL,
  `updated_at` timestamp NULL DEFAULT NULL
) ENGINE=InnoDB DEFAULT CHARSET=utf8mb4 COLLATE=utf8mb4_unicode_ci;

--
-- Dumping data for table `pages`
--

INSERT INTO `pages` (`id`, `user_id`, `title`, `slug`, `body`, `approved`, `created_at`, `updated_at`) VALUES
(1, 1, 'Abo-turibo', 'abo-turibo', '<p><strong>KuvaKera.com</strong>\r\n</p>\r\n\r\n<p>Lorem ipsum dolor sit amet, consectetur adipiscing elit. Integer volutpat sodales arcu et hendrerit. Nullam semper ac mauris non sagittis. Ut efficitur dui ac tortor volutpat semper. Donec mauris enim, iaculis eu congue facilisis, aliquam consequat orci. Curabitur facilisis nulla in lorem consequat.</p>\r\n<p>Praesent semper libero as finibus sodales. Duis a feugiat tortor. Fusce do mattis mauris yauris at nunc commodo, pretium mauris nec, <a href=\"/single\">venenatis augue</a>. Lid est laborum Lorem ipsum dolor sit amet, consectetur adipiscing elit. Vestibulum in sem ut rhoncus. Duis sed tortor sem. Nunc mattis odio ultricies nibh hendrerit, ut tempor lectus consequat. In mollis orci vel rutrum sollicitudin. Quisque non auctor magna. Nam auctor vulputate purus ut rutrum.</p>\r\n<div>\r\n<ul>\r\n<li>Lorem ipsum dolor sit amet conectetur.</li>\r\n<li>Integer volutpat sodales arcu et hendrerit.</li>\r\n<li>Nullam semper ac mauris non sagittis.</li>\r\n<li>Ut efficitur dui ac tortor volutpat semper.</li>\r\n<li>Donec mauris enim, iaculis eu congue.</li>\r\n<li>Curabitur facilisis nulla in lorem.</li>\r\n</ul>\r\n</div>\r\n<p>Aenean luctus mauris ut risus semper ar tincidunt. Orci varius natoque penatibus magns dis parturievnt the mont nasce tur ridiculus mus. Vestibulum ,muntes ipsum primis in fauc bus orci luctus et ultrices posuere cubilia Curae Etiam eros ante, malesuada id tortor sit amet, lacinia luctus eros. Ut efficitur dui ac tortor volutpat semper.</p>\r\n<p>Lorem ipsum dolor sit amet, Etiam ut volutpat dolor. Mauris ut arcu cursus consectetur adipiscing elit. Integer volutpat sodales arcu et hendrerit. Nullam semper ac mauris non sagittis. Ut efficitur dui ac tortor volutpat semper. Donec mauris enim, iaculis eu congue facilisis, aliquam consequat orci. Curabitur facilisis nulla in lorem consequat.</p>\r\n<p>Convallis mi interdum. In maximus iaculis mauris et scelerisque. Aliquam ante orci, lacinia eu elit non, porttitor ultricies erat. Aliquam tincidunt ultrices mi, vitae euismod nulla accumsan et. Donec sollicitudin lacus in vestibulum interdum. Duis purus quam, dignissim non tempus ut, maximus consectetur arcu. Vestibulum tincidunt tincidunt sodales. Nulla facilisi.</p>\r\n<p>Upsum dolor sit amet, consectetur adipiscing elit. Integer volutpat sodales arcu et hendrerit. Nullam semper ac mauris non sagittis. Ut efficitur dui ac tortor volutpat semper. Donec mauris enim, iaculis eu congue facilisis, aliquam consequat orci. Curabitur facilisis nulla in lorem consequat.</p>\r\n<p>Lorem ipsum dolor sit amet, consectetur adipiscing elit. Integer volutpat sodales arcu et hendrerit. Nullam semper ac mauris non sagittis. Ut efficitur dui ac tortor volutpat semper. Donec mauris enim, iaculis eu congue facilisis, aliquam consequat orci. Curabitur facilisis nulla in lorem consequat.</p><p>\r\nCampaign Against South Korean Goods Leaves Chinesy\r\n</p>\r\n\r\n<ul>\r\n<li>Lorem ipsum dolor sit amet, consectetur adipiscing elit.</li>\r\n<li>Integer volutpat sodales arcu et hendrerit.</li>\r\n<li>Nullam semper ac mauris non sagittis.</li>\r\n<li>Ut efficitur dui ac tortor volutpat semper.</li>\r\n<li>Donec mauris enim, iaculis eu congue facilisis, aliquam consequat orci.</li>\r\n<li>Curabitur facilisis nulla in lorem consequat.</li>\r\n</ul><p>\r\nCampaign Against South Korean Goods Leaves Chinesy\r\n</p>\r\n\r\n<p>Lorem ipsum dolor sit amet, consectetur adipiscing elit. Integer volutpat sodales arcu et hendrerit. Nullam semper ac mauris non sagittis. Ut efficitur dui ac tortor volutpat semper. Donec mauris enim, iaculis eu congue facilisis, aliquam consequat orci. Curabitur facilisis nulla in lorem consequat.</p>\r\n<p>Lorem ipsum dolor sit amet, consectetur adipiscing elit. Integer volutpat sodales arcu et hendrerit. Nullam semper ac mauris non sagittis. Ut efficitur dui ac tortor volutpat semper. Donec mauris enim, iaculis eu congue facilisis, aliquam consequat orci. Curabitur facilisis nulla in lorem consequat.</p>\r\n<p> </p>', 1, '2018-09-21 07:19:32', '2018-09-28 02:41:08'),
(2, 1, 'Hello', 'hello', '<p>how are you</p>', 1, '2018-09-28 03:45:03', '2018-09-28 03:45:03');

-- --------------------------------------------------------

--
-- Table structure for table `roles`
--

CREATE TABLE `roles` (
  `id` int(10) UNSIGNED NOT NULL,
  `name` varchar(191) COLLATE utf8mb4_unicode_ci NOT NULL,
  `display_name` varchar(191) COLLATE utf8mb4_unicode_ci DEFAULT NULL,
  `description` varchar(191) COLLATE utf8mb4_unicode_ci DEFAULT NULL,
  `created_at` timestamp NULL DEFAULT NULL,
  `updated_at` timestamp NULL DEFAULT NULL
) ENGINE=InnoDB DEFAULT CHARSET=utf8mb4 COLLATE=utf8mb4_unicode_ci;

--
-- Dumping data for table `roles`
--

INSERT INTO `roles` (`id`, `name`, `display_name`, `description`, `created_at`, `updated_at`) VALUES
(1, 'admin', 'Admin', 'Manages the website', '2018-08-19 14:05:04', '2018-08-19 14:05:04'),
(2, 'author', 'Author', 'Writer of articles', '2018-08-19 14:42:56', '2018-08-19 14:42:56'),
(3, 'subscriber', 'Subscriber', 'Someone who subscribed', '2018-08-19 14:43:57', '2018-08-19 14:44:12'),
(4, 'superadmin', 'Superadmin', 'Superadmin controls everything and develops the app', '2018-09-28 05:56:20', '2018-09-28 05:56:20');

-- --------------------------------------------------------

--
-- Table structure for table `role_team`
--

CREATE TABLE `role_team` (
  `id` int(10) UNSIGNED NOT NULL,
  `role_id` int(10) UNSIGNED NOT NULL,
  `team_id` int(10) UNSIGNED NOT NULL
) ENGINE=InnoDB DEFAULT CHARSET=utf8mb4 COLLATE=utf8mb4_unicode_ci;

-- --------------------------------------------------------

--
-- Table structure for table `role_user`
--

CREATE TABLE `role_user` (
  `role_id` int(10) UNSIGNED NOT NULL,
  `user_id` int(10) UNSIGNED NOT NULL,
  `user_type` varchar(191) COLLATE utf8mb4_unicode_ci NOT NULL
) ENGINE=InnoDB DEFAULT CHARSET=utf8mb4 COLLATE=utf8mb4_unicode_ci;

--
-- Dumping data for table `role_user`
--

INSERT INTO `role_user` (`role_id`, `user_id`, `user_type`) VALUES
(1, 1, 'App\\User'),
(4, 1, 'App\\User'),
(1, 2, 'App\\User');

-- --------------------------------------------------------

--
-- Table structure for table `subscribers`
--

CREATE TABLE `subscribers` (
  `id` int(10) UNSIGNED NOT NULL,
  `name` varchar(191) COLLATE utf8mb4_unicode_ci DEFAULT NULL,
  `email` varchar(191) COLLATE utf8mb4_unicode_ci NOT NULL,
  `subscribed` tinyint(1) NOT NULL DEFAULT '1',
  `created_at` timestamp NULL DEFAULT NULL,
  `updated_at` timestamp NULL DEFAULT NULL
) ENGINE=InnoDB DEFAULT CHARSET=utf8mb4 COLLATE=utf8mb4_unicode_ci;

--
-- Dumping data for table `subscribers`
--

INSERT INTO `subscribers` (`id`, `name`, `email`, `subscribed`, `created_at`, `updated_at`) VALUES
(1, NULL, 'nkuliherve@gmail.com', 0, '2018-09-26 03:45:14', '2018-10-15 15:21:58'),
(5, NULL, 'zaho@gmail.com', 1, '2018-09-28 06:42:51', '2018-09-28 06:42:51'),
(7, NULL, 'kelia@gmail.com', 1, '2018-10-15 15:23:47', '2018-10-15 15:23:47');

-- --------------------------------------------------------

--
-- Table structure for table `tags`
--

CREATE TABLE `tags` (
  `id` int(10) UNSIGNED NOT NULL,
  `user_id` int(10) UNSIGNED NOT NULL,
  `name` varchar(191) COLLATE utf8mb4_unicode_ci NOT NULL,
  `created_at` timestamp NULL DEFAULT NULL,
  `updated_at` timestamp NULL DEFAULT NULL
) ENGINE=InnoDB DEFAULT CHARSET=utf8mb4 COLLATE=utf8mb4_unicode_ci;

--
-- Dumping data for table `tags`
--

INSERT INTO `tags` (`id`, `user_id`, `name`, `created_at`, `updated_at`) VALUES
(1, 1, 'Politike', '2018-08-20 10:07:13', '2018-08-20 10:07:13'),
(2, 1, 'Ikoranabuhanga', '2018-08-20 10:07:29', '2018-08-20 10:07:29'),
(3, 1, 'Siporo', '2018-08-20 10:07:41', '2018-08-20 10:07:41');

-- --------------------------------------------------------

--
-- Table structure for table `team`
--

CREATE TABLE `team` (
  `id` int(10) UNSIGNED NOT NULL,
  `name` varchar(191) COLLATE utf8mb4_unicode_ci NOT NULL,
  `email` varchar(191) COLLATE utf8mb4_unicode_ci DEFAULT NULL,
  `profile_image` varchar(191) COLLATE utf8mb4_unicode_ci NOT NULL,
  `position` varchar(191) COLLATE utf8mb4_unicode_ci NOT NULL,
  `about` text COLLATE utf8mb4_unicode_ci NOT NULL,
  `created_at` timestamp NULL DEFAULT NULL,
  `updated_at` timestamp NULL DEFAULT NULL
) ENGINE=InnoDB DEFAULT CHARSET=utf8mb4 COLLATE=utf8mb4_unicode_ci;

--
-- Indexes for dumped tables
--

--
-- Indexes for table `adverts`
--
ALTER TABLE `adverts`
  ADD PRIMARY KEY (`id`),
  ADD KEY `adverts_user_id_foreign` (`user_id`);

--
-- Indexes for table `articles`
--
ALTER TABLE `articles`
  ADD PRIMARY KEY (`id`),
  ADD UNIQUE KEY `articles_slug_unique` (`slug`),
  ADD KEY `articles_user_id_foreign` (`user_id`),
  ADD KEY `articles_category_id_foreign` (`category_id`);

--
-- Indexes for table `article_tag`
--
ALTER TABLE `article_tag`
  ADD PRIMARY KEY (`id`),
  ADD KEY `article_tag_article_id_foreign` (`article_id`),
  ADD KEY `article_tag_tag_id_foreign` (`tag_id`);

--
-- Indexes for table `categories`
--
ALTER TABLE `categories`
  ADD PRIMARY KEY (`id`),
  ADD UNIQUE KEY `categories_name_unique` (`name`),
  ADD UNIQUE KEY `categories_slug_unique` (`slug`),
  ADD KEY `categories_user_id_foreign` (`user_id`);

--
-- Indexes for table `comments`
--
ALTER TABLE `comments`
  ADD PRIMARY KEY (`id`),
  ADD KEY `comments_article_id_foreign` (`article_id`);

--
-- Indexes for table `comment_replies`
--
ALTER TABLE `comment_replies`
  ADD PRIMARY KEY (`id`),
  ADD KEY `comment_replies_comment_id_foreign` (`comment_id`);

--
-- Indexes for table `contacts`
--
ALTER TABLE `contacts`
  ADD PRIMARY KEY (`id`);

--
-- Indexes for table `faqs`
--
ALTER TABLE `faqs`
  ADD PRIMARY KEY (`id`),
  ADD KEY `faqs_user_id_foreign` (`user_id`);

--
-- Indexes for table `migrations`
--
ALTER TABLE `migrations`
  ADD PRIMARY KEY (`id`);

--
-- Indexes for table `pages`
--
ALTER TABLE `pages`
  ADD PRIMARY KEY (`id`),
  ADD UNIQUE KEY `slug` (`slug`),
  ADD KEY `pages_user_id_foreign` (`user_id`);

--
-- Indexes for table `roles`
--
ALTER TABLE `roles`
  ADD PRIMARY KEY (`id`),
  ADD UNIQUE KEY `roles_name_unique` (`name`);

--
-- Indexes for table `role_team`
--
ALTER TABLE `role_team`
  ADD PRIMARY KEY (`id`),
  ADD KEY `role_team_role_id_foreign` (`role_id`),
  ADD KEY `role_team_team_id_foreign` (`team_id`);

--
-- Indexes for table `role_user`
--
ALTER TABLE `role_user`
  ADD PRIMARY KEY (`user_id`,`role_id`,`user_type`),
  ADD KEY `role_user_role_id_foreign` (`role_id`);

--
-- Indexes for table `subscribers`
--
ALTER TABLE `subscribers`
  ADD PRIMARY KEY (`id`),
  ADD UNIQUE KEY `subscribers_email_unique` (`email`);

--
-- Indexes for table `tags`
--
ALTER TABLE `tags`
  ADD PRIMARY KEY (`id`),
  ADD UNIQUE KEY `tags_name_unique` (`name`),
  ADD KEY `tags_user_id_foreign` (`user_id`);

--
-- Indexes for table `team`
--
ALTER TABLE `team`
  ADD PRIMARY KEY (`id`);

--
-- AUTO_INCREMENT for dumped tables
--

--
-- AUTO_INCREMENT for table `adverts`
--
ALTER TABLE `adverts`
  MODIFY `id` int(10) UNSIGNED NOT NULL AUTO_INCREMENT, AUTO_INCREMENT=3;

--
-- AUTO_INCREMENT for table `articles`
--
ALTER TABLE `articles`
  MODIFY `id` int(10) UNSIGNED NOT NULL AUTO_INCREMENT, AUTO_INCREMENT=24;

--
-- AUTO_INCREMENT for table `article_tag`
--
ALTER TABLE `article_tag`
  MODIFY `id` int(10) UNSIGNED NOT NULL AUTO_INCREMENT, AUTO_INCREMENT=14;

--
-- AUTO_INCREMENT for table `categories`
--
ALTER TABLE `categories`
  MODIFY `id` int(10) UNSIGNED NOT NULL AUTO_INCREMENT, AUTO_INCREMENT=5;

--
-- AUTO_INCREMENT for table `comments`
--
ALTER TABLE `comments`
  MODIFY `id` int(10) UNSIGNED NOT NULL AUTO_INCREMENT, AUTO_INCREMENT=11;

--
-- AUTO_INCREMENT for table `comment_replies`
--
ALTER TABLE `comment_replies`
  MODIFY `id` int(10) UNSIGNED NOT NULL AUTO_INCREMENT, AUTO_INCREMENT=11;

--
-- AUTO_INCREMENT for table `contacts`
--
ALTER TABLE `contacts`
  MODIFY `id` int(10) UNSIGNED NOT NULL AUTO_INCREMENT, AUTO_INCREMENT=3;

--
-- AUTO_INCREMENT for table `faqs`
--
ALTER TABLE `faqs`
  MODIFY `id` int(10) UNSIGNED NOT NULL AUTO_INCREMENT, AUTO_INCREMENT=7;

--
-- AUTO_INCREMENT for table `migrations`
--
ALTER TABLE `migrations`
  MODIFY `id` int(10) UNSIGNED NOT NULL AUTO_INCREMENT, AUTO_INCREMENT=33;

--
-- AUTO_INCREMENT for table `pages`
--
ALTER TABLE `pages`
  MODIFY `id` int(10) UNSIGNED NOT NULL AUTO_INCREMENT, AUTO_INCREMENT=3;

--
-- AUTO_INCREMENT for table `roles`
--
ALTER TABLE `roles`
  MODIFY `id` int(10) UNSIGNED NOT NULL AUTO_INCREMENT, AUTO_INCREMENT=5;

--
-- AUTO_INCREMENT for table `role_team`
--
ALTER TABLE `role_team`
  MODIFY `id` int(10) UNSIGNED NOT NULL AUTO_INCREMENT;

--
-- AUTO_INCREMENT for table `subscribers`
--
ALTER TABLE `subscribers`
  MODIFY `id` int(10) UNSIGNED NOT NULL AUTO_INCREMENT, AUTO_INCREMENT=8;

--
-- AUTO_INCREMENT for table `tags`
--
ALTER TABLE `tags`
  MODIFY `id` int(10) UNSIGNED NOT NULL AUTO_INCREMENT, AUTO_INCREMENT=4;

--
-- AUTO_INCREMENT for table `team`
--
ALTER TABLE `team`
  MODIFY `id` int(10) UNSIGNED NOT NULL AUTO_INCREMENT;

--
-- Constraints for dumped tables
--

--
-- Constraints for table `adverts`
--
ALTER TABLE `adverts`
  ADD CONSTRAINT `adverts_user_id_foreign` FOREIGN KEY (`user_id`) REFERENCES `users` (`id`) ON UPDATE CASCADE;

--
-- Constraints for table `articles`
--
ALTER TABLE `articles`
  ADD CONSTRAINT `articles_category_id_foreign` FOREIGN KEY (`category_id`) REFERENCES `categories` (`id`) ON UPDATE CASCADE,
  ADD CONSTRAINT `articles_user_id_foreign` FOREIGN KEY (`user_id`) REFERENCES `users` (`id`) ON UPDATE CASCADE;

--
-- Constraints for table `article_tag`
--
ALTER TABLE `article_tag`
  ADD CONSTRAINT `article_tag_article_id_foreign` FOREIGN KEY (`article_id`) REFERENCES `articles` (`id`) ON DELETE CASCADE ON UPDATE CASCADE,
  ADD CONSTRAINT `article_tag_tag_id_foreign` FOREIGN KEY (`tag_id`) REFERENCES `tags` (`id`) ON DELETE CASCADE ON UPDATE CASCADE;

--
-- Constraints for table `categories`
--
ALTER TABLE `categories`
  ADD CONSTRAINT `categories_user_id_foreign` FOREIGN KEY (`user_id`) REFERENCES `users` (`id`) ON UPDATE CASCADE;

--
-- Constraints for table `comments`
--
ALTER TABLE `comments`
  ADD CONSTRAINT `comments_article_id_foreign` FOREIGN KEY (`article_id`) REFERENCES `articles` (`id`) ON DELETE CASCADE ON UPDATE CASCADE;

--
-- Constraints for table `comment_replies`
--
ALTER TABLE `comment_replies`
  ADD CONSTRAINT `comment_replies_comment_id_foreign` FOREIGN KEY (`comment_id`) REFERENCES `comments` (`id`) ON DELETE CASCADE ON UPDATE CASCADE;

--
-- Constraints for table `faqs`
--
ALTER TABLE `faqs`
  ADD CONSTRAINT `faqs_user_id_foreign` FOREIGN KEY (`user_id`) REFERENCES `users` (`id`) ON UPDATE CASCADE;

--
-- Constraints for table `pages`
--
ALTER TABLE `pages`
  ADD CONSTRAINT `pages_user_id_foreign` FOREIGN KEY (`user_id`) REFERENCES `users` (`id`) ON UPDATE CASCADE;

--
-- Constraints for table `role_team`
--
ALTER TABLE `role_team`
  ADD CONSTRAINT `role_team_role_id_foreign` FOREIGN KEY (`role_id`) REFERENCES `roles` (`id`) ON DELETE CASCADE ON UPDATE CASCADE,
  ADD CONSTRAINT `role_team_team_id_foreign` FOREIGN KEY (`team_id`) REFERENCES `team` (`id`) ON DELETE CASCADE ON UPDATE CASCADE;

--
-- Constraints for table `role_user`
--
ALTER TABLE `role_user`
  ADD CONSTRAINT `role_user_role_id_foreign` FOREIGN KEY (`role_id`) REFERENCES `roles` (`id`) ON DELETE CASCADE ON UPDATE CASCADE,
  ADD CONSTRAINT `role_user_user_id_foreign` FOREIGN KEY (`user_id`) REFERENCES `users` (`id`) ON DELETE CASCADE ON UPDATE CASCADE;

--
-- Constraints for table `tags`
--
ALTER TABLE `tags`
  ADD CONSTRAINT `tags_user_id_foreign` FOREIGN KEY (`user_id`) REFERENCES `users` (`id`) ON UPDATE CASCADE;
COMMIT;

